{"id":1907,"date":"2022-05-29T15:33:48","date_gmt":"2022-05-29T12:33:48","guid":{"rendered":"http:\/\/oh2ap.fi\/?page_id=1907"},"modified":"2022-05-29T15:35:48","modified_gmt":"2022-05-29T12:35:48","slug":"videot-magloopin-ja-ohjaimen-teosta","status":"publish","type":"page","link":"https:\/\/oh2ap.fi\/?page_id=1907","title":{"rendered":"Videot magloopin ja ohjaimen teosta"},"content":{"rendered":"<p style=\"font-weight: 400;\">Tulipa vastaan selke\u00e4 k\u00e4yt\u00e4nn\u00f6nl\u00e4heinen esitys aiheesta<\/p>\n<p style=\"font-weight: 400;\"><a href=\"https:\/\/www.youtube.com\/watch?v=Orhog4gqOqk\" data-saferedirecturl=\"https:\/\/www.google.com\/url?q=https:\/\/www.youtube.com\/watch?v%3DOrhog4gqOqk&amp;source=gmail&amp;ust=1653913449065000&amp;usg=AOvVaw2wV9OMvm-FXsIr0Ugnxjih\">(1855) Build a Magnetic Loop Antenna with Remote Wireless Tuning &#8211; Practical Guidance &#8211; YouTube<\/a><\/p>\n<p style=\"font-weight: 400;\">ja sama set\u00e4 yksityiskohtaiset ohjeet miten kauko-ohjaus rakennetaan<\/p>\n<p style=\"font-weight: 400;\"><a href=\"https:\/\/www.youtube.com\/watch?v=6eGOkw7WbA4\" data-saferedirecturl=\"https:\/\/www.google.com\/url?q=https:\/\/www.youtube.com\/watch?v%3D6eGOkw7WbA4&amp;source=gmail&amp;ust=1653913449065000&amp;usg=AOvVaw0Snqxvm2LPTC70BTsUl1tR\">(1854) Control a Stepper Motor remotely using WiFi to tune a Magnetic Loop Antenna (Blynk\/ESP8266\/DRV8825) &#8211; YouTube<\/a><\/p>\n<p>(tnx Seppo OH2TQ)<\/p>\n","protected":false},"excerpt":{"rendered":"<p>Tulipa vastaan selke\u00e4 k\u00e4yt\u00e4nn\u00f6nl\u00e4heinen esitys aiheesta (1855) Build a Magnetic Loop Antenna with Remote Wireless Tuning &#8211; Practical Guidance &#8211; YouTube ja sama set\u00e4 yksityiskohtaiset ohjeet miten kauko-ohjaus rakennetaan (1854) Control a Stepper Motor remotely using WiFi to tune a Magnetic Loop Antenna (Blynk\/ESP8266\/DRV8825) &#8211; YouTube (tnx Seppo OH2TQ)<\/p>\n","protected":false},"author":8,"featured_media":0,"parent":502,"menu_order":5,"comment_status":"closed","ping_status":"closed","template":"","meta":{"footnotes":""},"class_list":["post-1907","page","type-page","status-publish","hentry"],"_links":{"self":[{"href":"https:\/\/oh2ap.fi\/index.php?rest_route=\/wp\/v2\/pages\/1907","targetHints":{"allow":["GET"]}}],"collection":[{"href":"https:\/\/oh2ap.fi\/index.php?rest_route=\/wp\/v2\/pages"}],"about":[{"href":"https:\/\/oh2ap.fi\/index.php?rest_route=\/wp\/v2\/types\/page"}],"author":[{"embeddable":true,"href":"https:\/\/oh2ap.fi\/index.php?rest_route=\/wp\/v2\/users\/8"}],"replies":[{"embeddable":true,"href":"https:\/\/oh2ap.fi\/index.php?rest_route=%2Fwp%2Fv2%2Fcomments&post=1907"}],"version-history":[{"count":4,"href":"https:\/\/oh2ap.fi\/index.php?rest_route=\/wp\/v2\/pages\/1907\/revisions"}],"predecessor-version":[{"id":1911,"href":"https:\/\/oh2ap.fi\/index.php?rest_route=\/wp\/v2\/pages\/1907\/revisions\/1911"}],"up":[{"embeddable":true,"href":"https:\/\/oh2ap.fi\/index.php?rest_route=\/wp\/v2\/pages\/502"}],"wp:attachment":[{"href":"https:\/\/oh2ap.fi\/index.php?rest_route=%2Fwp%2Fv2%2Fmedia&parent=1907"}],"curies":[{"name":"wp","href":"https:\/\/api.w.org\/{rel}","templated":true}]}}