{"id":3302,"date":"2024-10-23T20:48:12","date_gmt":"2024-10-23T17:48:12","guid":{"rendered":"https:\/\/oh2ap.fi\/?page_id=3302"},"modified":"2026-03-29T18:55:06","modified_gmt":"2026-03-29T15:55:06","slug":"heikin-oh2hcr-sk-laitteita","status":"publish","type":"page","link":"https:\/\/oh2ap.fi\/?page_id=3302","title":{"rendered":"Heikin OH2HCR (sk) laitteita:"},"content":{"rendered":"\n<p>P\u00e4ivitetty 12.3.2026 \/ TA<\/p>\n\n\n\n<h2 class=\"wp-block-heading\"><strong>Antennimasto kalusteineen<\/strong><\/h2>\n\n\n\n<p>VHF-UHF -painotteisesta mastopaketista l\u00f6ytyy:<\/p>\n\n\n\n<ul class=\"wp-block-list\">\n<li>6 m dipolielementti, 2 m yagi-antenni, 70 cm tupla-yagi ja niihin signaalisplitteri, 24 cm pitk\u00e4 yagi, 2 m \/ 70cm yli 3-metrinen vertikaali mastoputken yl\u00e4p\u00e4\u00e4h\u00e4n<\/li>\n<\/ul>\n\n\n\n<p>Maston alaosa on n. 5 m alumiiniristikko, sen yl\u00e4p\u00e4\u00e4h\u00e4n n. 6 m antenniputki Yaesu G-650C rotaattorilla ja rotaattorin ohjaimella sek\u00e4 tukilaakerilla. Antennimaston ristikko-alaosa seisoi maassa ja oli yl\u00e4p\u00e4\u00e4st\u00e4\u00e4n tuettu rivitalon p\u00e4\u00e4tyyn, yl\u00e4osan putki oli pystyss\u00e4 t\u00e4ss\u00e4 ilman haruksia, eli aika &#8221;siisti&#8221; j\u00e4rjestely.<\/p>\n\n\n\n<p><em>Tee tarjous vaikka koko paketista !<\/em><\/p>\n\n\n\n<h2 class=\"wp-block-heading\"><strong>Erillisi\u00e4 antennitarvikkeita<\/strong><\/h2>\n\n\n\n<p>Antennirotaattori Altai, pienemmille antenneille<br>Hintapyynt\u00f6 100 \u20ac<\/p>\n\n\n\n<h2 class=\"wp-block-heading\"><strong>Radiot<\/strong><\/h2>\n\n\n\n<ul class=\"wp-block-list\">\n<li>Kenwood TM-255 C 144 MHz all-mode transceiver<br>Etulevy-modulin kiinnike l\u00f6ys\u00e4, kohinasalpa oikkuilee, n\u00e4yt\u00f6n valo pime\u00e4n\u00e4<br>Hintapyynt\u00f6 80 \u20ac<\/li>\n<\/ul>\n\n\n\n<p><\/p>\n","protected":false},"excerpt":{"rendered":"<p>P\u00e4ivitetty 12.3.2026 \/ TA Antennimasto kalusteineen VHF-UHF -painotteisesta mastopaketista l\u00f6ytyy: Maston alaosa on n. 5 m alumiiniristikko, sen yl\u00e4p\u00e4\u00e4h\u00e4n n. 6 m antenniputki Yaesu G-650C rotaattorilla ja rotaattorin ohjaimella sek\u00e4 tukilaakerilla. Antennimaston ristikko-alaosa seisoi maassa ja oli yl\u00e4p\u00e4\u00e4st\u00e4\u00e4n tuettu rivitalon p\u00e4\u00e4tyyn, yl\u00e4osan putki oli pystyss\u00e4 t\u00e4ss\u00e4 ilman haruksia, eli aika &#8221;siisti&#8221; j\u00e4rjestely. Tee tarjous vaikka [&hellip;]<\/p>\n","protected":false},"author":8,"featured_media":0,"parent":1164,"menu_order":5,"comment_status":"closed","ping_status":"closed","template":"","meta":{"footnotes":""},"class_list":["post-3302","page","type-page","status-publish","hentry"],"_links":{"self":[{"href":"https:\/\/oh2ap.fi\/index.php?rest_route=\/wp\/v2\/pages\/3302","targetHints":{"allow":["GET"]}}],"collection":[{"href":"https:\/\/oh2ap.fi\/index.php?rest_route=\/wp\/v2\/pages"}],"about":[{"href":"https:\/\/oh2ap.fi\/index.php?rest_route=\/wp\/v2\/types\/page"}],"author":[{"embeddable":true,"href":"https:\/\/oh2ap.fi\/index.php?rest_route=\/wp\/v2\/users\/8"}],"replies":[{"embeddable":true,"href":"https:\/\/oh2ap.fi\/index.php?rest_route=%2Fwp%2Fv2%2Fcomments&post=3302"}],"version-history":[{"count":27,"href":"https:\/\/oh2ap.fi\/index.php?rest_route=\/wp\/v2\/pages\/3302\/revisions"}],"predecessor-version":[{"id":5410,"href":"https:\/\/oh2ap.fi\/index.php?rest_route=\/wp\/v2\/pages\/3302\/revisions\/5410"}],"up":[{"embeddable":true,"href":"https:\/\/oh2ap.fi\/index.php?rest_route=\/wp\/v2\/pages\/1164"}],"wp:attachment":[{"href":"https:\/\/oh2ap.fi\/index.php?rest_route=%2Fwp%2Fv2%2Fmedia&parent=3302"}],"curies":[{"name":"wp","href":"https:\/\/api.w.org\/{rel}","templated":true}]}}