{"id":3536,"date":"2025-02-04T12:42:30","date_gmt":"2025-02-04T10:42:30","guid":{"rendered":"https:\/\/oh2ap.fi\/?page_id=3536"},"modified":"2025-02-04T12:42:30","modified_gmt":"2025-02-04T10:42:30","slug":"kaksikanavainen-signaalien-yhdistaja-ja-signaalitien-jakaja","status":"publish","type":"page","link":"https:\/\/oh2ap.fi\/?page_id=3536","title":{"rendered":"Kaksikanavainen signaalien yhdist\u00e4j\u00e4 ja signaalitien jakaja"},"content":{"rendered":"\n<p>T\u00e4ss\u00e4 jutussa kerrotaan, miten voi rakentaa 50 ohmin QRP signaalitien jakajan\/signaalien yhdist\u00e4j\u00e4n taajuusalueelle 1-30 MHz. Laitetta voi k\u00e4ytt\u00e4\u00e4 esimerkiksi kahden antennin yhdist\u00e4miseen, kahden vastaanottimen kytkemiseen samaan antenniin ja erilaisiin vastaanottimen ominaisuuksien mittaamisen apuna. Linkki artikkeliin on alla:<\/p>\n\n\n\n<p><a href=\"http:\/\/oh2ap.fi\/wp-content\/uploads\/2025\/02\/20240712-QRP-jakaja-yhdistaja-10-RKu.pdf\">http:\/\/oh2ap.fi\/wp-content\/uploads\/2025\/02\/20240712-QRP-jakaja-yhdistaja-10-RKu.pdf<\/a><\/p>\n\n\n\n<p>Kyn\u00e4ll\u00e4 ja kolvilla:<\/p>\n\n\n\n<p>Rauno OH3FR<\/p>\n","protected":false},"excerpt":{"rendered":"<p>T\u00e4ss\u00e4 jutussa kerrotaan, miten voi rakentaa 50 ohmin QRP signaalitien jakajan\/signaalien yhdist\u00e4j\u00e4n taajuusalueelle 1-30 MHz. Laitetta voi k\u00e4ytt\u00e4\u00e4 esimerkiksi kahden antennin yhdist\u00e4miseen, kahden vastaanottimen kytkemiseen samaan antenniin ja erilaisiin vastaanottimen ominaisuuksien mittaamisen apuna. Linkki artikkeliin on alla: http:\/\/oh2ap.fi\/wp-content\/uploads\/2025\/02\/20240712-QRP-jakaja-yhdistaja-10-RKu.pdf Kyn\u00e4ll\u00e4 ja kolvilla: Rauno OH3FR<\/p>\n","protected":false},"author":17,"featured_media":0,"parent":502,"menu_order":0,"comment_status":"closed","ping_status":"closed","template":"","meta":{"footnotes":""},"class_list":["post-3536","page","type-page","status-publish","hentry"],"_links":{"self":[{"href":"https:\/\/oh2ap.fi\/index.php?rest_route=\/wp\/v2\/pages\/3536","targetHints":{"allow":["GET"]}}],"collection":[{"href":"https:\/\/oh2ap.fi\/index.php?rest_route=\/wp\/v2\/pages"}],"about":[{"href":"https:\/\/oh2ap.fi\/index.php?rest_route=\/wp\/v2\/types\/page"}],"author":[{"embeddable":true,"href":"https:\/\/oh2ap.fi\/index.php?rest_route=\/wp\/v2\/users\/17"}],"replies":[{"embeddable":true,"href":"https:\/\/oh2ap.fi\/index.php?rest_route=%2Fwp%2Fv2%2Fcomments&post=3536"}],"version-history":[{"count":2,"href":"https:\/\/oh2ap.fi\/index.php?rest_route=\/wp\/v2\/pages\/3536\/revisions"}],"predecessor-version":[{"id":3538,"href":"https:\/\/oh2ap.fi\/index.php?rest_route=\/wp\/v2\/pages\/3536\/revisions\/3538"}],"up":[{"embeddable":true,"href":"https:\/\/oh2ap.fi\/index.php?rest_route=\/wp\/v2\/pages\/502"}],"wp:attachment":[{"href":"https:\/\/oh2ap.fi\/index.php?rest_route=%2Fwp%2Fv2%2Fmedia&parent=3536"}],"curies":[{"name":"wp","href":"https:\/\/api.w.org\/{rel}","templated":true}]}}