{"id":3746,"date":"2025-05-29T17:57:11","date_gmt":"2025-05-29T14:57:11","guid":{"rendered":"https:\/\/oh2ap.fi\/?page_id=3746"},"modified":"2025-11-06T23:40:28","modified_gmt":"2025-11-06T21:40:28","slug":"alkusanat","status":"publish","type":"page","link":"https:\/\/oh2ap.fi\/?page_id=3746","title":{"rendered":"Alkusanat"},"content":{"rendered":"\n<div class=\"wp-block-columns is-layout-flex wp-container-core-columns-is-layout-9d6595d7 wp-block-columns-is-layout-flex\">\n<div class=\"wp-block-column is-layout-flow wp-block-column-is-layout-flow\" style=\"flex-basis:33.33%\">\n<p><a href=\"https:\/\/oh2ap.fi\/?page_id=3724\" data-type=\"page\" data-id=\"3724\">Historiikin etusivulle<\/a><\/p>\n\n\n\n<p><a href=\"https:\/\/oh2ap.fi\/?page_id=3829\" data-type=\"page\" data-id=\"3829\">T\u00e4st\u00e4 se alkoi: Kerhon 10-vuotishistoriikki<\/a><\/p>\n\n\n\n<figure class=\"wp-block-image size-full\"><img loading=\"lazy\" decoding=\"async\" width=\"760\" height=\"522\" src=\"https:\/\/oh2ap.fi\/wp-content\/uploads\/2025\/05\/OH2BOZ_antenni.jpg\" alt=\"\" class=\"wp-image-3752\" srcset=\"https:\/\/oh2ap.fi\/wp-content\/uploads\/2025\/05\/OH2BOZ_antenni.jpg 760w, https:\/\/oh2ap.fi\/wp-content\/uploads\/2025\/05\/OH2BOZ_antenni-300x206.jpg 300w, https:\/\/oh2ap.fi\/wp-content\/uploads\/2025\/05\/OH2BOZ_antenni-624x429.jpg 624w\" sizes=\"auto, (max-width: 760px) 100vw, 760px\" \/><figcaption class=\"wp-element-caption\">Radioamat\u00f6\u00f6rin antennit sopivat v\u00e4lill\u00e4 my\u00f6s muihin tarkoituksiin: Keijon OH2BOZ antenni er\u00e4\u00e4n\u00e4 syksyisen\u00e4 lintujen muuttop\u00e4iv\u00e4n\u00e4.<\/figcaption><\/figure>\n<\/div>\n\n\n\n<div class=\"wp-block-column is-layout-flow wp-block-column-is-layout-flow\" style=\"flex-basis:66.66%\">\n<p>Keski-Uudenmaan Radioamat\u00f6\u00f6rit &#8211; alkujaan J\u00e4rvenp\u00e4\u00e4n Radioamat\u00f6\u00f6rit &#8211; ry:n historiikki ensimm\u00e4isilt\u00e4 50 vuodelta on ker\u00e4tty kerhon hallituksen yhteiskannustuksella k\u00e4ytt\u00e4en saatavilla olevaa materiaalia. Kun kyseess\u00e4 ovat radioamat\u00f6\u00f6rit, katsottiin tarkoitusta parhaiten palvelevaksi julkaisumuodoksi kerhon verkkosivuille ker\u00e4tty, mahdollisesti itse\u00e4\u00e4n jatkossa t\u00e4ydent\u00e4v\u00e4 sivusto. N\u00e4in materiaaliin p\u00e4\u00e4sev\u00e4t tutustumaan ja aikaisempia vaiheita muistelemaan nekin, joita painettu historiikkijulkaisu ei tavoittaisi.<\/p>\n\n\n\n<p>Toivomus on, ett\u00e4 historiikkisivut el\u00e4v\u00e4t, t\u00e4ydentyv\u00e4t, ja kasvavat.<\/p>\n\n\n\n<p>Keijon OH2BOZ tallentamat lehtiartikkelit on&nbsp;skannattu kiinnostuneiden tutkiskeltavaksi. Muulta osin materiaalit pohjautuvat kerhon arkistosta l\u00f6ytyneisiin p\u00f6yt\u00e4kirjoihin vuosikokouksista ja vastaavista.<\/p>\n\n\n\n<p>Valokuvia ja muuta kuvamateriaalia on kerhon takavuosilta ollut tarjolla niukasti. Mik\u00e4li t\u00e4m\u00e4n lukijalla on kuvia, negatiiveja, dioja tms. materiaalia, jotka sivuavat kerhoa tai kerholaisia ja n\u00e4iden asemia, lainaamme niit\u00e4 mielell\u00e4mme historiikin t\u00e4ydent\u00e4miseksi.<\/p>\n\n\n\n<p>Sivujen tekoon on k\u00e4ytetty yksinkertaisia ilmaisohjelmia pit\u00e4ytyen t\u00e4ss\u00e4kin amat\u00f6\u00f6ritoiminnan parhaisiin perusajatuksiin. Sis\u00e4ll\u00f6n mahdolliset virheet ja lapsukset ovat tietenkin toimittajan.<\/p>\n\n\n\n<p>Muutamilla sivuilla ei luonnollisesti pysty kattamaan kuin murto-osan siit\u00e4 touhun ja toiminnan, kokeilujen ja yhteydenpidon ilosta ja my\u00f6nteisten hetkien m\u00e4\u00e4r\u00e4st\u00e4, mink\u00e4 harrasteemme on kerhon j\u00e4senille ja muillekin t\u00e4n\u00e4 aikana&nbsp;tarjonnut ja vastakin tarjoaa.<\/p>\n\n\n\n<p>J\u00e4rvenp\u00e4\u00e4ss\u00e4 19.9.2015&nbsp;&nbsp; Juhani Horelli OH3ZQ<\/p>\n\n\n\n<p><\/p>\n\n\n\n<p>P\u00e4ivitys 30.9.2015 JHo: johtokunnan j\u00e4seni\u00e4 lis\u00e4tty OH2BOZ:n avustuksella, rigien tietoja lis\u00e4tty.<\/p>\n\n\n\n<p>P\u00e4ivitetty 20.2.2016 JHo: johtokunnan j\u00e4seni\u00e4ja valokuvia&nbsp;lis\u00e4tty OH2BOZ avustuksella,<\/p>\n\n\n\n<p>P\u00e4ivitetty 10.3.2017 JHo: valokuvia, materiaalia Keijolta OH2BOZ.<\/p>\n\n\n\n<p>P\u00e4ivitetty 10.5.2017 JHo: koko joukko valokuvia, qsl-kortteja, henkil\u00f6iden tietoja lis\u00e4tty ja tarkistettu OH2BOZ toimesta; materiaalia, mm. valokuvia ja qsl-kortteja&nbsp;SRAL arkistosta \/ Killelt\u00e4 OH2CX;&nbsp; t\u00e4smennyksi\u00e4 Joukolta OH2BAN.<\/p>\n\n\n\n<p>Lis\u00e4ys 12\/2017:<\/p>\n\n\n\n<p>Runsaasti lis\u00e4tietoa ja epookki-QSL-kortteja on tullut mm. Prologi-osaan Keijon OH2BOZ ker\u00e4\u00e4m\u00e4n\u00e4. Samoin on lis\u00e4tty &#8217;pieni helmi&#8217;: Arvon OH2PW kirjoittamat muistelmat &#8217;Harrastuksena Radioamat\u00f6\u00f6ritoiminta&#8217;. Nyt kerhon historiikki alkaa olla kokonaisuutena varsin hyv\u00e4ss\u00e4 kuosissa &#8211; kiitos kaikille ty\u00f6h\u00f6n osallistuneille !   <\/p>\n\n\n\n<p>J\u00e4rvenp\u00e4\u00e4ss\u00e4 12\/2017&nbsp; Juhani OH3ZQ<\/p>\n\n\n\n<p><\/p>\n\n\n\n<p>P\u00e4ivitetty 15.4.2018 JHo:&nbsp; Epookki-qsl-kortteja on l\u00f6ytynyt mm. Lahden Radiomuseosta ja amat\u00f6\u00f6rikolleegoilta, joiden arkistoja Keijo OH2BOZ on kaivellut.<\/p>\n\n\n\n<p>P\u00e4ivitys 04\/2019 JHo: Epookki-kortteja, lehtileikkeit\u00e4&nbsp;ja artikkeleiden t\u00e4smennyksi\u00e4 lis\u00e4tty sivuille, OH2BOZ ja OH2BAN.<\/p>\n\n\n\n<p>P\u00e4ivitys 02\/2021 JHo: Peditiot ja M\u00e4rket-vierailut p\u00e4ivitetty Keijon OH2BOZ hankkimalla materiaalilla; Joukon OH2BAN materiaaleja lis\u00e4tty..Matti OH2BDQ l\u00f6ysi vanhalta DOS-tietokoneeltaan WordPerfectill\u00e4 tehtyj\u00e4 toimintakertomuksia 90-luvulta. Killelt\u00e4 OH2CX saatiin pyydett\u00e4ess\u00e4&nbsp;vanhoja QSL:i\u00e4, lehtileikkeit\u00e4 ja valokuvia historiikkiin.<\/p>\n\n\n\n<p>P\u00e4ivitys 06\/2025 JHo: Historiikin julkaisualusta siirrettiin  Tatun OH2DLZ toimesta html:sta WordPress-ymp\u00e4rist\u00f6\u00f6n, mik\u00e4 merkitt\u00e4v\u00e4sti helpottaa yll\u00e4pitoa jatkossa.<\/p>\n\n\n\n<p>Keijo OH2BOZ on ker\u00e4nnyt historiikin eri aiheista koko joukon lis\u00e4\u00e4 materiaalia, mist\u00e4 ensimm\u00e4inen er\u00e4 p\u00e4ivitet\u00e4\u00e4n kerhon 60-vuotisjuhlaan julkaistavaksi, ja loputkin pyrit\u00e4\u00e4n saamaan pakettiin vuoden loppuun menness\u00e4.<\/p>\n<\/div>\n<\/div>\n\n\n\n<div class=\"wp-block-columns is-layout-flex wp-container-core-columns-is-layout-9d6595d7 wp-block-columns-is-layout-flex\">\n<div class=\"wp-block-column is-layout-flow wp-block-column-is-layout-flow\"><\/div>\n\n\n\n<div class=\"wp-block-column is-layout-flow wp-block-column-is-layout-flow\">\n<p class=\"has-text-align-right\"><a href=\"https:\/\/oh2ap.fi\/?page_id=3756\">Prologi<\/a><\/p>\n<\/div>\n<\/div>\n\n\n\n<p><\/p>\n","protected":false},"excerpt":{"rendered":"<p>Historiikin etusivulle T\u00e4st\u00e4 se alkoi: Kerhon 10-vuotishistoriikki Keski-Uudenmaan Radioamat\u00f6\u00f6rit &#8211; alkujaan J\u00e4rvenp\u00e4\u00e4n Radioamat\u00f6\u00f6rit &#8211; ry:n historiikki ensimm\u00e4isilt\u00e4 50 vuodelta on ker\u00e4tty kerhon hallituksen yhteiskannustuksella k\u00e4ytt\u00e4en saatavilla olevaa materiaalia. Kun kyseess\u00e4 ovat radioamat\u00f6\u00f6rit, katsottiin tarkoitusta parhaiten palvelevaksi julkaisumuodoksi kerhon verkkosivuille ker\u00e4tty, mahdollisesti itse\u00e4\u00e4n jatkossa t\u00e4ydent\u00e4v\u00e4 sivusto. N\u00e4in materiaaliin p\u00e4\u00e4sev\u00e4t tutustumaan ja aikaisempia vaiheita muistelemaan nekin, joita [&hellip;]<\/p>\n","protected":false},"author":20,"featured_media":0,"parent":3724,"menu_order":0,"comment_status":"closed","ping_status":"closed","template":"page-templates\/full-width.php","meta":{"footnotes":""},"class_list":["post-3746","page","type-page","status-publish","hentry"],"_links":{"self":[{"href":"https:\/\/oh2ap.fi\/index.php?rest_route=\/wp\/v2\/pages\/3746","targetHints":{"allow":["GET"]}}],"collection":[{"href":"https:\/\/oh2ap.fi\/index.php?rest_route=\/wp\/v2\/pages"}],"about":[{"href":"https:\/\/oh2ap.fi\/index.php?rest_route=\/wp\/v2\/types\/page"}],"author":[{"embeddable":true,"href":"https:\/\/oh2ap.fi\/index.php?rest_route=\/wp\/v2\/users\/20"}],"replies":[{"embeddable":true,"href":"https:\/\/oh2ap.fi\/index.php?rest_route=%2Fwp%2Fv2%2Fcomments&post=3746"}],"version-history":[{"count":15,"href":"https:\/\/oh2ap.fi\/index.php?rest_route=\/wp\/v2\/pages\/3746\/revisions"}],"predecessor-version":[{"id":5117,"href":"https:\/\/oh2ap.fi\/index.php?rest_route=\/wp\/v2\/pages\/3746\/revisions\/5117"}],"up":[{"embeddable":true,"href":"https:\/\/oh2ap.fi\/index.php?rest_route=\/wp\/v2\/pages\/3724"}],"wp:attachment":[{"href":"https:\/\/oh2ap.fi\/index.php?rest_route=%2Fwp%2Fv2%2Fmedia&parent=3746"}],"curies":[{"name":"wp","href":"https:\/\/api.w.org\/{rel}","templated":true}]}}