{"id":3829,"date":"2025-05-30T00:25:27","date_gmt":"2025-05-29T21:25:27","guid":{"rendered":"https:\/\/oh2ap.fi\/?page_id=3829"},"modified":"2025-11-06T23:43:21","modified_gmt":"2025-11-06T21:43:21","slug":"oh2ap-historiikki-1965-1974","status":"publish","type":"page","link":"https:\/\/oh2ap.fi\/?page_id=3829","title":{"rendered":"OH2AP historiikki 1965\u20131974"},"content":{"rendered":"\n<div class=\"wp-block-columns is-layout-flex wp-container-core-columns-is-layout-9d6595d7 wp-block-columns-is-layout-flex\">\n<div class=\"wp-block-column is-layout-flow wp-block-column-is-layout-flow\" style=\"flex-basis:33.33%\">\n<p><a href=\"https:\/\/oh2ap.fi\/?page_id=3724\">Historiikin etusivulle<\/a><\/p>\n\n\n\n<p><a href=\"https:\/\/oh2ap.fi\/wp-content\/uploads\/2025\/10\/Perustavan-kokouksen-kutsu.pdf\" data-type=\"attachment\" data-id=\"4632\" target=\"_blank\" rel=\"noreferrer noopener\">Kutsukirje<\/a><\/p>\n\n\n\n<p><a href=\"https:\/\/oh2ap.fi\/wp-content\/uploads\/2025\/11\/Perustava-kokous-1965.pdf\" data-type=\"attachment\" data-id=\"5006\" target=\"_blank\" rel=\"noreferrer noopener\">Perustamiskokous<\/a><\/p>\n\n\n\n<p><a href=\"https:\/\/oh2ap.fi\/wp-content\/uploads\/2025\/10\/Jasentiedote-261165.pdf\" data-type=\"attachment\" data-id=\"4494\" target=\"_blank\" rel=\"noreferrer noopener\">Ensimm\u00e4inen ekskursio<\/a>&nbsp;<\/p>\n\n\n\n<p><a href=\"https:\/\/oh2ap.fi\/wp-content\/uploads\/2025\/11\/Radiolupa-1966.pdf\" data-type=\"attachment\" data-id=\"4839\" target=\"_blank\" rel=\"noreferrer noopener\">Ensimm\u00e4inen radiolupa<\/a><\/p>\n\n\n\n<p><a href=\"https:\/\/oh2ap.fi\/wp-content\/uploads\/2025\/11\/Jasenluettelo-1966.pdf\" data-type=\"attachment\" data-id=\"4991\" target=\"_blank\" rel=\"noreferrer noopener\">J\u00e4senluettelo 1966<\/a><\/p>\n\n\n\n<p><a href=\"https:\/\/oh2ap.fi\/?page_id=4749\" data-type=\"page\" data-id=\"4749\">Vuosikertomuksista 1965\u20131974<\/a><\/p>\n\n\n\n<figure class=\"wp-block-image size-full\"><a href=\"https:\/\/oh2ap.fi\/wp-content\/uploads\/2025\/10\/OH2AP-kaappi-2015.jpg\" target=\"_blank\" rel=\"noreferrer noopener\" data-rel=\"lightbox-image-0\" data-rl_title=\"\" data-rl_caption=\"\" title=\"\"><img loading=\"lazy\" decoding=\"async\" width=\"461\" height=\"615\" src=\"https:\/\/oh2ap.fi\/wp-content\/uploads\/2025\/10\/OH2AP-kaappi-2015.jpg\" alt=\"\" class=\"wp-image-4458\" srcset=\"https:\/\/oh2ap.fi\/wp-content\/uploads\/2025\/10\/OH2AP-kaappi-2015.jpg 461w, https:\/\/oh2ap.fi\/wp-content\/uploads\/2025\/10\/OH2AP-kaappi-2015-225x300.jpg 225w\" sizes=\"auto, (max-width: 461px) 100vw, 461px\" \/><\/a><\/figure>\n\n\n\n<p>Kerhon laitekaappi vm. 1968, yh\u00e4 k\u00e4yt\u00f6ss\u00e4 2025<\/p>\n\n\n\n<p><a href=\"https:\/\/oh2ap.fi\/?page_id=4537\" data-type=\"page\" data-id=\"4537\">Lehtien palstoilla 1965\u20131974<\/a><\/p>\n\n\n\n<p><a href=\"https:\/\/oh2ap.fi\/wp-content\/uploads\/2025\/11\/Rigeja-1964.pdf\" data-type=\"attachment\" data-id=\"5012\" target=\"_blank\" rel=\"noreferrer noopener\">Epookkirigej\u00e4 1964 luettelosta<\/a><\/p>\n\n\n\n<figure class=\"wp-block-image size-large\"><img loading=\"lazy\" decoding=\"async\" width=\"1024\" height=\"730\" src=\"http:\/\/oh2ap.fi\/wp-content\/uploads\/2025\/11\/KSSainio1974-1024x730.jpg\" alt=\"\" class=\"wp-image-5096\" srcset=\"https:\/\/oh2ap.fi\/wp-content\/uploads\/2025\/11\/KSSainio1974-1024x730.jpg 1024w, https:\/\/oh2ap.fi\/wp-content\/uploads\/2025\/11\/KSSainio1974-300x214.jpg 300w, https:\/\/oh2ap.fi\/wp-content\/uploads\/2025\/11\/KSSainio1974-768x547.jpg 768w, https:\/\/oh2ap.fi\/wp-content\/uploads\/2025\/11\/KSSainio1974-1536x1095.jpg 1536w, https:\/\/oh2ap.fi\/wp-content\/uploads\/2025\/11\/KSSainio1974-2048x1460.jpg 2048w, https:\/\/oh2ap.fi\/wp-content\/uploads\/2025\/11\/KSSainio1974-624x445.jpg 624w\" sizes=\"auto, (max-width: 1024px) 100vw, 1024px\" \/><\/figure>\n<\/div>\n\n\n\n<div class=\"wp-block-column is-layout-flow wp-block-column-is-layout-flow\" style=\"flex-basis:66.66%\">\n<h2 class=\"wp-block-heading\">Ensimm\u00e4iset 10 vuotta<\/h2>\n\n\n\n<p><a href=\"https:\/\/oh2ap.fi\/wp-content\/uploads\/2025\/11\/Arvo-OH2PW.jpg\" data-type=\"attachment\" data-id=\"4986\" target=\"_blank\" rel=\"noreferrer noopener\" data-rel=\"lightbox-image-1\" data-rl_title=\"\" data-rl_caption=\"\" title=\"\">Arvo Kallio OH2PW<\/a> (sk) &nbsp;toimitti vuonna 1975 kerhon 10-vuotishistoriikin, jota jaettiin niteen\u00e4&nbsp;silloiselle j\u00e4senkunnalle. Historiikki-vihko kattaa mukavasti alkuvuosien taipaleen: niinp\u00e4 se onkin skannattu t\u00e4h\u00e4n sellaisenaan luettavaksi niillekin, joiden k\u00e4siin alkuper\u00e4inen painotuote ei koskaan ehtinyt. Skannit on tehty PDF-tiedostoiksi ja sellaisina viipaleina, ett\u00e4 latautumisajat pysyisiv\u00e4t kohtuullisina:<\/p>\n\n\n\n<figure class=\"wp-block-table\"><table class=\"has-fixed-layout\"><tbody><tr><td><a href=\"https:\/\/oh2ap.fi\/wp-content\/uploads\/2025\/11\/0-10vss1-4.pdf\" data-type=\"attachment\" data-id=\"4976\" target=\"_blank\" rel=\"noreferrer noopener\">sivut 1-4<\/a><\/td><td><a href=\"https:\/\/oh2ap.fi\/wp-content\/uploads\/2025\/11\/0-10vss5-10.pdf\" data-type=\"attachment\" data-id=\"4977\" target=\"_blank\" rel=\"noreferrer noopener\">sivut 5-10<\/a><\/td><td><a href=\"https:\/\/oh2ap.fi\/wp-content\/uploads\/2025\/11\/0-10vss11-18.pdf\" data-type=\"attachment\" data-id=\"4978\" target=\"_blank\" rel=\"noreferrer noopener\">sivut 11-18<\/a><\/td><td><a href=\"https:\/\/oh2ap.fi\/wp-content\/uploads\/2025\/11\/0-10vss19-26.pdf\" data-type=\"attachment\" data-id=\"4979\" target=\"_blank\" rel=\"noreferrer noopener\">sivut 19-26<\/a><\/td><\/tr><tr><td><a href=\"https:\/\/oh2ap.fi\/wp-content\/uploads\/2025\/11\/0-10vss27-35.pdf\" data-type=\"attachment\" data-id=\"4980\" target=\"_blank\" rel=\"noreferrer noopener\">sivut 27-35<\/a><\/td><td><s>sivut 36-45<\/s><\/td><td><a href=\"https:\/\/oh2ap.fi\/wp-content\/uploads\/2025\/11\/0-10vss46-58.pdf\" data-type=\"attachment\" data-id=\"4981\" target=\"_blank\" rel=\"noreferrer noopener\">sivut 46-58<\/a><\/td><td><a href=\"https:\/\/oh2ap.fi\/wp-content\/uploads\/2025\/11\/0-10vss59-63.pdf\" data-type=\"attachment\" data-id=\"4982\" target=\"_blank\" rel=\"noreferrer noopener\">sivut 59-63<\/a><\/td><\/tr><\/tbody><\/table><\/figure>\n\n\n\n<p>Ohessa my\u00f6s linkit kutsusta kokoontumaan, perustamiskokouksesta pidettyyn p\u00f6yt\u00e4kirjaan,&nbsp;ensimm\u00e4inen j\u00e4senkirje&nbsp;sek\u00e4 yhteenvetoa toimintakertomuksista. N\u00e4in l\u00e4hdettiin liikkeelle 50 vuotta sitten.<\/p>\n\n\n\n<p>Arvon pojanpojan Karin s\u00e4ilytt\u00e4m\u00e4st\u00e4 historiikin alkuper\u00e4isest\u00e4 k\u00e4sikirjoituksesta skannatut sivut&nbsp;alla ovat sis\u00e4ll\u00f6lt\u00e4\u00e4n samat mutta kuvien laatu on parempi ja v\u00e4rikuviakin on joukossa:<\/p>\n\n\n\n<figure class=\"wp-block-table\"><table class=\"has-fixed-layout\"><tbody><tr><td><a href=\"https:\/\/oh2ap.fi\/wp-content\/uploads\/2025\/11\/AP10v_1.pdf\" data-type=\"attachment\" data-id=\"4828\" target=\"_blank\" rel=\"noreferrer noopener\">sivut 1 &#8211; 15<\/a><\/td><td><a href=\"https:\/\/oh2ap.fi\/wp-content\/uploads\/2025\/11\/AP10v_2.pdf\" data-type=\"attachment\" data-id=\"4829\" target=\"_blank\" rel=\"noreferrer noopener\">sivut 16 &#8211; 31<\/a><\/td><td><a href=\"https:\/\/oh2ap.fi\/wp-content\/uploads\/2025\/11\/AP10v_3.pdf\" data-type=\"attachment\" data-id=\"4830\" target=\"_blank\" rel=\"noreferrer noopener\">sivut 32 &#8211; 45<\/a><\/td><td><a href=\"https:\/\/oh2ap.fi\/wp-content\/uploads\/2025\/11\/AP10v_4.pdf\" data-type=\"attachment\" data-id=\"4831\" target=\"_blank\" rel=\"noreferrer noopener\">sivut 46 &#8211; 64<\/a><\/td><\/tr><\/tbody><\/table><\/figure>\n\n\n\n<p>N\u00e4ill\u00e4 jatkettiin kerhon toiselle vuosikymmenelle.<\/p>\n\n\n\n<p>N\u00e4ytteeksi: <a href=\"https:\/\/oh2ap.fi\/wp-content\/uploads\/2025\/11\/Talousarvio-1967.pdf\" data-type=\"attachment\" data-id=\"5015\" target=\"_blank\" rel=\"noreferrer noopener\">Talousarvio 1967<\/a><\/p>\n<\/div>\n<\/div>\n\n\n\n<div class=\"wp-block-columns is-layout-flex wp-container-core-columns-is-layout-9d6595d7 wp-block-columns-is-layout-flex\">\n<div class=\"wp-block-column is-layout-flow wp-block-column-is-layout-flow\">\n<p><a href=\"https:\/\/oh2ap.fi\/?page_id=3756\" data-type=\"page\" data-id=\"3756\">Prologi<\/a><\/p>\n<\/div>\n\n\n\n<div class=\"wp-block-column is-layout-flow wp-block-column-is-layout-flow\">\n<p class=\"has-text-align-right\"><a href=\"https:\/\/oh2ap.fi\/?page_id=3838\" data-type=\"page\" data-id=\"3838\">1975\u20131984<\/a><\/p>\n<\/div>\n<\/div>\n\n\n\n<p><\/p>\n","protected":false},"excerpt":{"rendered":"<p>Historiikin etusivulle Kutsukirje Perustamiskokous Ensimm\u00e4inen ekskursio&nbsp; Ensimm\u00e4inen radiolupa J\u00e4senluettelo 1966 Vuosikertomuksista 1965\u20131974 Kerhon laitekaappi vm. 1968, yh\u00e4 k\u00e4yt\u00f6ss\u00e4 2025 Lehtien palstoilla 1965\u20131974 Epookkirigej\u00e4 1964 luettelosta Ensimm\u00e4iset 10 vuotta Arvo Kallio OH2PW (sk) &nbsp;toimitti vuonna 1975 kerhon 10-vuotishistoriikin, jota jaettiin niteen\u00e4&nbsp;silloiselle j\u00e4senkunnalle. Historiikki-vihko kattaa mukavasti alkuvuosien taipaleen: niinp\u00e4 se onkin skannattu t\u00e4h\u00e4n sellaisenaan luettavaksi niillekin, joiden [&hellip;]<\/p>\n","protected":false},"author":20,"featured_media":0,"parent":3724,"menu_order":0,"comment_status":"closed","ping_status":"closed","template":"page-templates\/full-width.php","meta":{"footnotes":""},"class_list":["post-3829","page","type-page","status-publish","hentry"],"_links":{"self":[{"href":"https:\/\/oh2ap.fi\/index.php?rest_route=\/wp\/v2\/pages\/3829","targetHints":{"allow":["GET"]}}],"collection":[{"href":"https:\/\/oh2ap.fi\/index.php?rest_route=\/wp\/v2\/pages"}],"about":[{"href":"https:\/\/oh2ap.fi\/index.php?rest_route=\/wp\/v2\/types\/page"}],"author":[{"embeddable":true,"href":"https:\/\/oh2ap.fi\/index.php?rest_route=\/wp\/v2\/users\/20"}],"replies":[{"embeddable":true,"href":"https:\/\/oh2ap.fi\/index.php?rest_route=%2Fwp%2Fv2%2Fcomments&post=3829"}],"version-history":[{"count":13,"href":"https:\/\/oh2ap.fi\/index.php?rest_route=\/wp\/v2\/pages\/3829\/revisions"}],"predecessor-version":[{"id":5124,"href":"https:\/\/oh2ap.fi\/index.php?rest_route=\/wp\/v2\/pages\/3829\/revisions\/5124"}],"up":[{"embeddable":true,"href":"https:\/\/oh2ap.fi\/index.php?rest_route=\/wp\/v2\/pages\/3724"}],"wp:attachment":[{"href":"https:\/\/oh2ap.fi\/index.php?rest_route=%2Fwp%2Fv2%2Fmedia&parent=3829"}],"curies":[{"name":"wp","href":"https:\/\/api.w.org\/{rel}","templated":true}]}}