{"id":3845,"date":"2025-05-30T00:36:20","date_gmt":"2025-05-29T21:36:20","guid":{"rendered":"https:\/\/oh2ap.fi\/?page_id=3845"},"modified":"2025-11-02T23:16:01","modified_gmt":"2025-11-02T21:16:01","slug":"oh2ap-historiikki-1985-1994","status":"publish","type":"page","link":"https:\/\/oh2ap.fi\/?page_id=3845","title":{"rendered":"OH2AP historiikki 1985\u20131994"},"content":{"rendered":"\n<div class=\"wp-block-columns is-layout-flex wp-container-core-columns-is-layout-9d6595d7 wp-block-columns-is-layout-flex\">\n<div class=\"wp-block-column is-layout-flow wp-block-column-is-layout-flow\" style=\"flex-basis:33.33%\">\n<p><a href=\"https:\/\/oh2ap.fi\/?page_id=3724\">Historiikin etusivulle<\/a><\/p>\n\n\n\n<p><a href=\"https:\/\/oh2ap.fi\/?page_id=4762\" data-type=\"page\" data-id=\"4762\">Vuosikertomuksista 1985\u20131994<\/a><\/p>\n\n\n\n<p><a href=\"https:\/\/oh2ap.fi\/?page_id=4564\" data-type=\"page\" data-id=\"4564\">Lehtien palstoilla 1985\u20131994<\/a><\/p>\n\n\n\n<figure class=\"wp-block-image size-full\"><a href=\"https:\/\/oh2ap.fi\/wp-content\/uploads\/2025\/10\/Amsat_20.jpg\" target=\"_blank\" rel=\"noreferrer noopener\" data-rel=\"lightbox-image-0\" data-rl_title=\"\" data-rl_caption=\"\" title=\"\"><img loading=\"lazy\" decoding=\"async\" width=\"649\" height=\"509\" src=\"https:\/\/oh2ap.fi\/wp-content\/uploads\/2025\/10\/Amsat_20.jpg\" alt=\"\" class=\"wp-image-4678\" srcset=\"https:\/\/oh2ap.fi\/wp-content\/uploads\/2025\/10\/Amsat_20.jpg 649w, https:\/\/oh2ap.fi\/wp-content\/uploads\/2025\/10\/Amsat_20-300x235.jpg 300w, https:\/\/oh2ap.fi\/wp-content\/uploads\/2025\/10\/Amsat_20-624x489.jpg 624w\" sizes=\"auto, (max-width: 649px) 100vw, 649px\" \/><\/a><\/figure>\n\n\n\n<figure class=\"wp-block-image size-large\"><img loading=\"lazy\" decoding=\"async\" width=\"1024\" height=\"715\" src=\"http:\/\/oh2ap.fi\/wp-content\/uploads\/2025\/10\/Market1990-1024x715.jpg\" alt=\"\" class=\"wp-image-4596\" srcset=\"https:\/\/oh2ap.fi\/wp-content\/uploads\/2025\/10\/Market1990-1024x715.jpg 1024w, https:\/\/oh2ap.fi\/wp-content\/uploads\/2025\/10\/Market1990-300x210.jpg 300w, https:\/\/oh2ap.fi\/wp-content\/uploads\/2025\/10\/Market1990-768x536.jpg 768w, https:\/\/oh2ap.fi\/wp-content\/uploads\/2025\/10\/Market1990-1536x1073.jpg 1536w, https:\/\/oh2ap.fi\/wp-content\/uploads\/2025\/10\/Market1990-624x436.jpg 624w, https:\/\/oh2ap.fi\/wp-content\/uploads\/2025\/10\/Market1990.jpg 1754w\" sizes=\"auto, (max-width: 1024px) 100vw, 1024px\" \/><figcaption class=\"wp-element-caption\">M\u00e4rket-peditio<\/figcaption><\/figure>\n<\/div>\n\n\n\n<div class=\"wp-block-column is-layout-flow wp-block-column-is-layout-flow\" style=\"flex-basis:66.66%\">\n<h2 class=\"wp-block-heading\">Vakiintumisen ja kokeilujen aika<\/h2>\n\n\n\n<p>Kerhon toiminta saa usia muotoja. Yhteydet J\u00e4rvenp\u00e4\u00e4n yst\u00e4vyyskaupungin T\u00e4by S\u00e4ndaramat\u00f6rer -yhdistykseen vilkastuttaa kerhoa. Tehtiin mm. parikin yhteist\u00e4 retke\u00e4 M\u00e4rket-luodolle: toisen aikana pidettiin luodolta EME-yhteys Texasiin.&nbsp;T\u00e4byl\u00e4iset&nbsp;vierailivat my\u00f6s J\u00e4rvenp\u00e4\u00e4ss\u00e4 ja j\u00e4rvenp\u00e4\u00e4l\u00e4iset my\u00f6hemmin T\u00e4byss\u00e4.<\/p>\n\n\n\n<p>Hyryl\u00e4n vesitornissa avattiin 70cm toistinasema. Kerholle hankittiin t\u00e4ydellinen satelliittiasema antenneineen. Pakettiradio tuli.<\/p>\n\n\n\n<p>Kerho j\u00e4rjesti SRAL:n vuosikokouksen J\u00e4rvenp\u00e4\u00e4ss\u00e4 kes\u00e4ll\u00e4 1991. K\u00e4vij\u00f6it\u00e4 oli yli 300.<\/p>\n\n\n\n<p>Kansanopistoissa j\u00e4rjestettiin useampaan otteeseen kursseja amat\u00f6\u00f6ritutkinnon suorittamiseksi.<\/p>\n\n\n\n<p><a href=\"https:\/\/oh2ap.fi\/?page_id=4491\" data-type=\"page\" data-id=\"4491\">J\u00e4senkirjeist\u00e4<\/a> kehittyi muutamaksi vuodeksi oikea painettu j\u00e4senlehti, joka meni postitse jakeluun 12..16-sivuisena.<\/p>\n\n\n\n<p>Radioamat\u00f6\u00f6rilupaluokkiin tuli tietoliikenneluokka helpoksi sis\u00e4\u00e4ntuloportaaksi. Kymmenvuotiskauden loppupuolella alkoi internetin yleistyminen ja samalla siirtyminen s\u00e4hk\u00f6postitse toimitettavaan j\u00e4sentiedotteeseen.<\/p>\n\n\n\n<p>Kolmikymppisell\u00e4 kerholla oli listoillaan noin 110 j\u00e4sent\u00e4.<\/p>\n<\/div>\n<\/div>\n\n\n\n<div class=\"wp-block-columns is-layout-flex wp-container-core-columns-is-layout-9d6595d7 wp-block-columns-is-layout-flex\">\n<div class=\"wp-block-column is-layout-flow wp-block-column-is-layout-flow\">\n<p><a href=\"https:\/\/oh2ap.fi\/?page_id=3838\" data-type=\"page\" data-id=\"3838\">1975\u20131984<\/a><\/p>\n<\/div>\n\n\n\n<div class=\"wp-block-column is-layout-flow wp-block-column-is-layout-flow\">\n<p class=\"has-text-align-right\"><a href=\"https:\/\/oh2ap.fi\/?page_id=3850\" data-type=\"page\" data-id=\"3850\">1995\u20132004<\/a><\/p>\n<\/div>\n<\/div>\n\n\n","protected":false},"excerpt":{"rendered":"<p>Historiikin etusivulle Vuosikertomuksista 1985\u20131994 Lehtien palstoilla 1985\u20131994 Vakiintumisen ja kokeilujen aika Kerhon toiminta saa usia muotoja. Yhteydet J\u00e4rvenp\u00e4\u00e4n yst\u00e4vyyskaupungin T\u00e4by S\u00e4ndaramat\u00f6rer -yhdistykseen vilkastuttaa kerhoa. Tehtiin mm. parikin yhteist\u00e4 retke\u00e4 M\u00e4rket-luodolle: toisen aikana pidettiin luodolta EME-yhteys Texasiin.&nbsp;T\u00e4byl\u00e4iset&nbsp;vierailivat my\u00f6s J\u00e4rvenp\u00e4\u00e4ss\u00e4 ja j\u00e4rvenp\u00e4\u00e4l\u00e4iset my\u00f6hemmin T\u00e4byss\u00e4. Hyryl\u00e4n vesitornissa avattiin 70cm toistinasema. Kerholle hankittiin t\u00e4ydellinen satelliittiasema antenneineen. Pakettiradio tuli. Kerho [&hellip;]<\/p>\n","protected":false},"author":20,"featured_media":0,"parent":3724,"menu_order":0,"comment_status":"closed","ping_status":"closed","template":"page-templates\/full-width.php","meta":{"footnotes":""},"class_list":["post-3845","page","type-page","status-publish","hentry"],"_links":{"self":[{"href":"https:\/\/oh2ap.fi\/index.php?rest_route=\/wp\/v2\/pages\/3845","targetHints":{"allow":["GET"]}}],"collection":[{"href":"https:\/\/oh2ap.fi\/index.php?rest_route=\/wp\/v2\/pages"}],"about":[{"href":"https:\/\/oh2ap.fi\/index.php?rest_route=\/wp\/v2\/types\/page"}],"author":[{"embeddable":true,"href":"https:\/\/oh2ap.fi\/index.php?rest_route=\/wp\/v2\/users\/20"}],"replies":[{"embeddable":true,"href":"https:\/\/oh2ap.fi\/index.php?rest_route=%2Fwp%2Fv2%2Fcomments&post=3845"}],"version-history":[{"count":8,"href":"https:\/\/oh2ap.fi\/index.php?rest_route=\/wp\/v2\/pages\/3845\/revisions"}],"predecessor-version":[{"id":5092,"href":"https:\/\/oh2ap.fi\/index.php?rest_route=\/wp\/v2\/pages\/3845\/revisions\/5092"}],"up":[{"embeddable":true,"href":"https:\/\/oh2ap.fi\/index.php?rest_route=\/wp\/v2\/pages\/3724"}],"wp:attachment":[{"href":"https:\/\/oh2ap.fi\/index.php?rest_route=%2Fwp%2Fv2%2Fmedia&parent=3845"}],"curies":[{"name":"wp","href":"https:\/\/api.w.org\/{rel}","templated":true}]}}