{"id":3850,"date":"2025-05-30T00:42:40","date_gmt":"2025-05-29T21:42:40","guid":{"rendered":"https:\/\/oh2ap.fi\/?page_id=3850"},"modified":"2025-11-06T23:44:47","modified_gmt":"2025-11-06T21:44:47","slug":"oh2ap-historiikki-1995-2004","status":"publish","type":"page","link":"https:\/\/oh2ap.fi\/?page_id=3850","title":{"rendered":"OH2AP historiikki 1995\u20132004"},"content":{"rendered":"\n<div class=\"wp-block-columns is-layout-flex wp-container-core-columns-is-layout-9d6595d7 wp-block-columns-is-layout-flex\">\n<div class=\"wp-block-column is-layout-flow wp-block-column-is-layout-flow\" style=\"flex-basis:33.33%\">\n<p><a href=\"https:\/\/oh2ap.fi\/?page_id=3724\">Historiikin etusivulle<\/a><\/p>\n\n\n\n<p><a href=\"https:\/\/oh2ap.fi\/?page_id=4774\" data-type=\"page\" data-id=\"4774\">Vuosikertomuksista 1995\u20132004<\/a>&nbsp;<\/p>\n\n\n\n<p><a href=\"https:\/\/oh2ap.fi\/?page_id=4570\" data-type=\"page\" data-id=\"4570\">Lehtien palstoilla 1995\u20132004<\/a><\/p>\n<\/div>\n\n\n\n<div class=\"wp-block-column is-layout-flow wp-block-column-is-layout-flow\" style=\"flex-basis:66.66%\">\n<h2 class=\"wp-block-heading\">Toiminta vakiintuu<\/h2>\n\n\n\n<p>Toiminta oli alkanut saada vakiintuneita muotoja: torstaiset kerhoillat viikoittain, vuotuiset syysleirit ja alussa my\u00f6s kev\u00e4tleirit. Kurssitus py\u00f6ri opistoissa ja kerhotiloissa.<\/p>\n\n\n\n<p>Kerhohuoneistossa aloitettiin remontti huoneiden yhdist\u00e4miseksi. VaPePa-ryhm\u00e4 toimi viel\u00e4 noin 10 h. vahvuudella. <a href=\"https:\/\/oh2ap.fi\/?page_id=4491\" data-type=\"page\" data-id=\"4491\">J\u00e4senkirjeiss\u00e4<\/a> jatkui siirtyminen s\u00e4hk\u00f6postijakeluun kustannusten s\u00e4\u00e4st\u00e4miseksi.<\/p>\n\n\n\n<p>2001 kerho j\u00e4rjesti <a href=\"https:\/\/oh2ap.fi\/wp-content\/uploads\/2025\/11\/Hami80-artikkeli-RA122001.pdf\" data-type=\"attachment\" data-id=\"4926\" target=\"_blank\" rel=\"noreferrer noopener\">SRAL:n 80-vuotisp\u00e4iv\u00e4t \/<\/a>&nbsp;<a href=\"https:\/\/oh2ap.fi\/wp-content\/uploads\/2025\/11\/Hami-80-ohjelma-2001.pdf\" data-type=\"attachment\" data-id=\"4987\" target=\"_blank\" rel=\"noreferrer noopener\">Syysp\u00e4iv\u00e4t &#8217;Hami 80&#8217;<\/a> J\u00e4rvenp\u00e4\u00e4ss\u00e4. Tapahtumaan osallistui 400 amat\u00f6\u00f6ri\u00e4. J\u00e4rjestelyt olivat melkoinen&nbsp;junailu kerholaisille ja perheillekin.<\/p>\n\n\n\n<p>Nelj\u00e4nnen toimintavuosikymmenen lopussa kerhon kirjoilla oli&nbsp;122 j\u00e4sent\u00e4, ennen &#8217;kuolleiden sielujen&#8217; siivoamista.<\/p>\n\n\n\n<p>N\u00e4ytteeksi:&nbsp;<a href=\"https:\/\/oh2ap.fi\/wp-content\/uploads\/2025\/11\/Talousarvio-2003.pdf\" data-type=\"attachment\" data-id=\"5017\" target=\"_blank\" rel=\"noreferrer noopener\">Talousarvio 2003<\/a><\/p>\n<\/div>\n<\/div>\n\n\n\n<div class=\"wp-block-columns is-layout-flex wp-container-core-columns-is-layout-9d6595d7 wp-block-columns-is-layout-flex\">\n<div class=\"wp-block-column is-layout-flow wp-block-column-is-layout-flow\">\n<p><a href=\"https:\/\/oh2ap.fi\/?page_id=3845\" data-type=\"page\" data-id=\"3845\">1985\u20131994<\/a><\/p>\n<\/div>\n\n\n\n<div class=\"wp-block-column is-layout-flow wp-block-column-is-layout-flow\">\n<p class=\"has-text-align-right\"><a href=\"https:\/\/oh2ap.fi\/?page_id=3852\" data-type=\"page\" data-id=\"3852\">2005\u20132014<\/a><\/p>\n<\/div>\n<\/div>\n\n\n\n<p><\/p>\n","protected":false},"excerpt":{"rendered":"<p>Historiikin etusivulle Vuosikertomuksista 1995\u20132004&nbsp; Lehtien palstoilla 1995\u20132004 Toiminta vakiintuu Toiminta oli alkanut saada vakiintuneita muotoja: torstaiset kerhoillat viikoittain, vuotuiset syysleirit ja alussa my\u00f6s kev\u00e4tleirit. Kurssitus py\u00f6ri opistoissa ja kerhotiloissa. Kerhohuoneistossa aloitettiin remontti huoneiden yhdist\u00e4miseksi. VaPePa-ryhm\u00e4 toimi viel\u00e4 noin 10 h. vahvuudella. J\u00e4senkirjeiss\u00e4 jatkui siirtyminen s\u00e4hk\u00f6postijakeluun kustannusten s\u00e4\u00e4st\u00e4miseksi. 2001 kerho j\u00e4rjesti SRAL:n 80-vuotisp\u00e4iv\u00e4t \/&nbsp;Syysp\u00e4iv\u00e4t &#8217;Hami 80&#8217; [&hellip;]<\/p>\n","protected":false},"author":20,"featured_media":0,"parent":3724,"menu_order":0,"comment_status":"closed","ping_status":"closed","template":"page-templates\/full-width.php","meta":{"footnotes":""},"class_list":["post-3850","page","type-page","status-publish","hentry"],"_links":{"self":[{"href":"https:\/\/oh2ap.fi\/index.php?rest_route=\/wp\/v2\/pages\/3850","targetHints":{"allow":["GET"]}}],"collection":[{"href":"https:\/\/oh2ap.fi\/index.php?rest_route=\/wp\/v2\/pages"}],"about":[{"href":"https:\/\/oh2ap.fi\/index.php?rest_route=\/wp\/v2\/types\/page"}],"author":[{"embeddable":true,"href":"https:\/\/oh2ap.fi\/index.php?rest_route=\/wp\/v2\/users\/20"}],"replies":[{"embeddable":true,"href":"https:\/\/oh2ap.fi\/index.php?rest_route=%2Fwp%2Fv2%2Fcomments&post=3850"}],"version-history":[{"count":7,"href":"https:\/\/oh2ap.fi\/index.php?rest_route=\/wp\/v2\/pages\/3850\/revisions"}],"predecessor-version":[{"id":5132,"href":"https:\/\/oh2ap.fi\/index.php?rest_route=\/wp\/v2\/pages\/3850\/revisions\/5132"}],"up":[{"embeddable":true,"href":"https:\/\/oh2ap.fi\/index.php?rest_route=\/wp\/v2\/pages\/3724"}],"wp:attachment":[{"href":"https:\/\/oh2ap.fi\/index.php?rest_route=%2Fwp%2Fv2%2Fmedia&parent=3850"}],"curies":[{"name":"wp","href":"https:\/\/api.w.org\/{rel}","templated":true}]}}