{"id":3903,"date":"2025-06-03T23:16:54","date_gmt":"2025-06-03T20:16:54","guid":{"rendered":"https:\/\/oh2ap.fi\/?page_id=3903"},"modified":"2025-11-06T23:45:35","modified_gmt":"2025-11-06T21:45:35","slug":"oh2ap-historiikki-2025","status":"publish","type":"page","link":"https:\/\/oh2ap.fi\/?page_id=3903","title":{"rendered":"OH2AP historiikki 2025\u2013"},"content":{"rendered":"\n<div class=\"wp-block-columns is-layout-flex wp-container-core-columns-is-layout-9d6595d7 wp-block-columns-is-layout-flex\">\n<div class=\"wp-block-column is-layout-flow wp-block-column-is-layout-flow\" style=\"flex-basis:33.33%\">\n<p><a href=\"https:\/\/oh2ap.fi\/?page_id=3724\">Historiikin etusivulle<\/a><\/p>\n<\/div>\n\n\n\n<div class=\"wp-block-column is-layout-flow wp-block-column-is-layout-flow\" style=\"flex-basis:66.66%\">\n<h2 class=\"wp-block-heading\">Matka jatkuu!<\/h2>\n\n\n\n<p>Kerho toimii radioamat\u00f6\u00f6ritoiminnan \u2013 ja kaikkien muidenkin harrasteiden -yleisten puitteiden mukaisesti \u2019yh\u00e4 ahtaammassa rakosessa\u2019 kilpaillen kiinnostuneiden ajasta monien muiden harrasteiden ja el\u00e4m\u00e4nrytmin yleisen tiukentumisen kanssa. Tekniikka menee eteenp\u00e4in tuoden uusia laitteita, uusia l\u00e4hetemuotoja, uutta ajateltavaa. Aika tuo uusia j\u00e4seni\u00e4 ja uusia toimintamuotoja \u2013 toivotaan.<\/p>\n\n\n\n<p>Kuitenkin: t\u00e4m\u00e4 on harraste ja sen tarkoitus on olla hauskaa ja kehitt\u00e4v\u00e4\u00e4kin !<\/p>\n\n\n\n<h2 class=\"wp-block-heading\">60 vuotta kerhoa \u2013 pian 110 vuotta Suomea<\/h2>\n\n\n\n<p><\/p>\n<\/div>\n<\/div>\n\n\n\n<div class=\"wp-block-columns is-layout-flex wp-container-core-columns-is-layout-9d6595d7 wp-block-columns-is-layout-flex\">\n<div class=\"wp-block-column is-layout-flow wp-block-column-is-layout-flow\">\n<p><a href=\"https:\/\/oh2ap.fi\/?page_id=3856\" data-type=\"page\" data-id=\"3856\">2015\u20132024<\/a><\/p>\n<\/div>\n\n\n\n<div class=\"wp-block-column is-layout-flow wp-block-column-is-layout-flow\">\n<p class=\"has-text-align-right\"><\/p>\n<\/div>\n<\/div>\n\n\n\n<p><\/p>\n","protected":false},"excerpt":{"rendered":"<p>Historiikin etusivulle Matka jatkuu! Kerho toimii radioamat\u00f6\u00f6ritoiminnan \u2013 ja kaikkien muidenkin harrasteiden -yleisten puitteiden mukaisesti \u2019yh\u00e4 ahtaammassa rakosessa\u2019 kilpaillen kiinnostuneiden ajasta monien muiden harrasteiden ja el\u00e4m\u00e4nrytmin yleisen tiukentumisen kanssa. Tekniikka menee eteenp\u00e4in tuoden uusia laitteita, uusia l\u00e4hetemuotoja, uutta ajateltavaa. Aika tuo uusia j\u00e4seni\u00e4 ja uusia toimintamuotoja \u2013 toivotaan. Kuitenkin: t\u00e4m\u00e4 on harraste ja sen tarkoitus [&hellip;]<\/p>\n","protected":false},"author":20,"featured_media":0,"parent":3724,"menu_order":0,"comment_status":"closed","ping_status":"closed","template":"page-templates\/full-width.php","meta":{"footnotes":""},"class_list":["post-3903","page","type-page","status-publish","hentry"],"_links":{"self":[{"href":"https:\/\/oh2ap.fi\/index.php?rest_route=\/wp\/v2\/pages\/3903","targetHints":{"allow":["GET"]}}],"collection":[{"href":"https:\/\/oh2ap.fi\/index.php?rest_route=\/wp\/v2\/pages"}],"about":[{"href":"https:\/\/oh2ap.fi\/index.php?rest_route=\/wp\/v2\/types\/page"}],"author":[{"embeddable":true,"href":"https:\/\/oh2ap.fi\/index.php?rest_route=\/wp\/v2\/users\/20"}],"replies":[{"embeddable":true,"href":"https:\/\/oh2ap.fi\/index.php?rest_route=%2Fwp%2Fv2%2Fcomments&post=3903"}],"version-history":[{"count":6,"href":"https:\/\/oh2ap.fi\/index.php?rest_route=\/wp\/v2\/pages\/3903\/revisions"}],"predecessor-version":[{"id":5141,"href":"https:\/\/oh2ap.fi\/index.php?rest_route=\/wp\/v2\/pages\/3903\/revisions\/5141"}],"up":[{"embeddable":true,"href":"https:\/\/oh2ap.fi\/index.php?rest_route=\/wp\/v2\/pages\/3724"}],"wp:attachment":[{"href":"https:\/\/oh2ap.fi\/index.php?rest_route=%2Fwp%2Fv2%2Fmedia&parent=3903"}],"curies":[{"name":"wp","href":"https:\/\/api.w.org\/{rel}","templated":true}]}}