{"id":4145,"date":"2025-06-11T22:38:59","date_gmt":"2025-06-11T19:38:59","guid":{"rendered":"https:\/\/oh2ap.fi\/?page_id=4145"},"modified":"2025-11-06T23:45:26","modified_gmt":"2025-11-06T21:45:26","slug":"lehtien-palstoilla-2015-2024","status":"publish","type":"page","link":"https:\/\/oh2ap.fi\/?page_id=4145","title":{"rendered":"Lehtien palstoilla 2015\u20132024"},"content":{"rendered":"\n<div class=\"wp-block-columns is-layout-flex wp-container-core-columns-is-layout-9d6595d7 wp-block-columns-is-layout-flex\">\n<div class=\"wp-block-column is-layout-flow wp-block-column-is-layout-flow\" style=\"flex-basis:33.33%\">\n<p><a href=\"https:\/\/oh2ap.fi\/?page_id=3724\">Historiikin etusivulle<\/a><\/p>\n\n\n\n<p><a href=\"https:\/\/oh2ap.fi\/?page_id=4573\" data-type=\"page\" data-id=\"4573\">Lehtien palstoilla 2005\u20132014<\/a><\/p>\n<\/div>\n\n\n\n<div class=\"wp-block-column is-layout-flow wp-block-column-is-layout-flow\" style=\"flex-basis:66.66%\">\n<p>Keijon OH2BOZ ja muidenkin leikekirjoista n\u00e4m\u00e4kin:<\/p>\n\n\n\n<p><a href=\"https:\/\/oh2ap.fi\/wp-content\/uploads\/2025\/11\/lehdet_VU_30092015-scaled.jpg\" data-type=\"attachment\" data-id=\"4956\" target=\"_blank\" rel=\"noreferrer noopener\" data-rel=\"lightbox-image-0\" data-rl_title=\"\" data-rl_caption=\"\" title=\"\">VU 30092015<\/a>&nbsp;Syysleirijuttu Mets\u00e4pirtilt\u00e4<\/p>\n\n\n\n<p><a href=\"https:\/\/oh2ap.fi\/wp-content\/uploads\/2025\/11\/lehdet_K-U_01102015.jpg\" data-type=\"attachment\" data-id=\"4955\" target=\"_blank\" rel=\"noreferrer noopener\" data-rel=\"lightbox-image-1\" data-rl_title=\"\" data-rl_caption=\"\" title=\"\">K-U 01102015<\/a> N\u00e4yttelij\u00e4 Pertti Koivula s\u00e4hk\u00f6ttelee<\/p>\n\n\n\n<p><a href=\"https:\/\/oh2ap.fi\/wp-content\/uploads\/2025\/11\/HS_10092016.jpg\" data-type=\"attachment\" data-id=\"4948\" target=\"_blank\" rel=\"noreferrer noopener\" data-rel=\"lightbox-image-2\" data-rl_title=\"\" data-rl_caption=\"\" title=\"\">HS 10092016<\/a>&nbsp;Neuvostoliiton tutkah\u00e4iri\u00f6ist\u00e4 ja niiden selvittelyst\u00e4 1960\/70-luvuilla<\/p>\n\n\n\n<p><a href=\"https:\/\/oh2ap.fi\/wp-content\/uploads\/2025\/11\/K-U_01122016.jpg\" data-type=\"attachment\" data-id=\"4951\" target=\"_blank\" rel=\"noreferrer noopener\" data-rel=\"lightbox-image-3\" data-rl_title=\"\" data-rl_caption=\"\" title=\"\">K-U 01122016<\/a>&nbsp;Kerhohuoneen tilanteen selvittely\u00e4 Seuratalon ulkoistushankkeessa<\/p>\n\n\n\n<p><a href=\"https:\/\/oh2ap.fi\/wp-content\/uploads\/2025\/11\/VU_08122016.pdf\" data-type=\"attachment\" data-id=\"4961\" target=\"_blank\" rel=\"noreferrer noopener\">VU 08122016<\/a>&nbsp;TURVA -harjoitus syksyll\u00e4 2016 ja varaviestiverkkoasiaa<\/p>\n\n\n\n<p><a href=\"https:\/\/oh2ap.fi\/wp-content\/uploads\/2025\/11\/K-U-26022017.pdf\" data-type=\"attachment\" data-id=\"4950\" target=\"_blank\" rel=\"noreferrer noopener\">K-U 26022017<\/a>&nbsp;Kyynel-radion tekemisest\u00e4 Tuusulan seudulla<br><br><a href=\"https:\/\/oh2ap.fi\/wp-content\/uploads\/2025\/11\/KU_12012018.png\" data-type=\"attachment\" data-id=\"4954\" target=\"_blank\" rel=\"noreferrer noopener\" data-rel=\"lightbox-image-4\" data-rl_title=\"\" data-rl_caption=\"\" title=\"\">K-U 12012018<\/a>&nbsp;&#8217;Kyynel-radio oli 40-luvun nokialainen&#8217;<br><br><a href=\"https:\/\/oh2ap.fi\/wp-content\/uploads\/2025\/11\/HS_25022018-scaled.jpg\" data-type=\"attachment\" data-id=\"4949\" target=\"_blank\" rel=\"noreferrer noopener\" data-rel=\"lightbox-image-5\" data-rl_title=\"\" data-rl_caption=\"\" title=\"\">HS 25022018<\/a>&nbsp;Radioamat\u00f6\u00f6rien Varaverkko-toimintaa<br><br><a href=\"https:\/\/oh2ap.fi\/wp-content\/uploads\/2025\/11\/V-U-300518.jpg\" data-type=\"attachment\" data-id=\"4960\" target=\"_blank\" rel=\"noreferrer noopener\" data-rel=\"lightbox-image-6\" data-rl_title=\"\" data-rl_caption=\"\" title=\"\">VU 30052018<\/a>&nbsp;Radioamat\u00f6\u00f6ritoiminnan kuvailua; haastattelu kerholla<br><br><a href=\"https:\/\/oh2ap.fi\/wp-content\/uploads\/2025\/11\/Aamuposti-03062018.jpg\" data-type=\"attachment\" data-id=\"4945\" target=\"_blank\" rel=\"noreferrer noopener\" data-rel=\"lightbox-image-7\" data-rl_title=\"\" data-rl_caption=\"\" title=\"\">Aamuposti 03062018<\/a>&nbsp;Radioamat\u00f6\u00f6ritoiminnan kuvailua<br><br><a href=\"https:\/\/oh2ap.fi\/wp-content\/uploads\/2025\/10\/V-U-25082018-Market-viikko.jpg\" data-type=\"attachment\" data-id=\"4615\" target=\"_blank\" rel=\"noreferrer noopener\" data-rel=\"lightbox-image-8\" data-rl_title=\"\" data-rl_caption=\"\" title=\"\">VU 25082018<\/a>&nbsp;Nuoriso-peditio M\u00e4rketille<br><br><a href=\"https:\/\/oh2ap.fi\/wp-content\/uploads\/2025\/11\/HS-03092018-Golden-Globe-purjehtija-scaled.jpg\" data-type=\"attachment\" data-id=\"4946\" target=\"_blank\" rel=\"noreferrer noopener\" data-rel=\"lightbox-image-9\" data-rl_title=\"\" data-rl_caption=\"\" title=\"\">HS 03092018<\/a>&nbsp;Radioamat\u00f6\u00f6rit auttavat Golden Globe -purjehtijaa<\/p>\n\n\n\n<p><a href=\"https:\/\/oh2ap.fi\/wp-content\/uploads\/2025\/11\/HS_07102018-scaled.jpg\" data-type=\"attachment\" data-id=\"4947\" target=\"_blank\" rel=\"noreferrer noopener\" data-rel=\"lightbox-image-10\" data-rl_title=\"\" data-rl_caption=\"\" title=\"\">HS 07102018<\/a>&nbsp;Golden Globe -tukioperaatiosta &#8211; Jari OH2BU<br><br><a href=\"https:\/\/oh2ap.fi\/wp-content\/uploads\/2025\/11\/K-U_12012019.pdf\" data-type=\"attachment\" data-id=\"4952\" target=\"_blank\" rel=\"noreferrer noopener\">K-U 12012019<\/a>&nbsp;Tapio OH6UBZ\/mm<\/p>\n\n\n\n<p><a href=\"https:\/\/oh2ap.fi\/wp-content\/uploads\/2025\/11\/Silkkiuikku_OH2OV_0001.pdf\" data-type=\"attachment\" data-id=\"4959\" target=\"_blank\" rel=\"noreferrer noopener\">S-U 112019<\/a>&nbsp;OH2OV ym. esittely Silkkiuikku-lehdess\u00e4<\/p>\n\n\n\n<p><a href=\"https:\/\/oh2ap.fi\/wp-content\/uploads\/2025\/11\/KU_04012020-scaled.jpg\" data-type=\"attachment\" data-id=\"4953\" target=\"_blank\" rel=\"noreferrer noopener\" data-rel=\"lightbox-image-11\" data-rl_title=\"\" data-rl_caption=\"\" title=\"\">K-U 04012020<\/a>&nbsp;Harrasteen kuvaus, kurssitietoa<\/p>\n\n\n\n<p><a href=\"https:\/\/oh2ap.fi\/wp-content\/uploads\/2025\/11\/Optio_OH6UBZ_kirjahylly.pdf\" data-type=\"attachment\" data-id=\"4958\" target=\"_blank\" rel=\"noreferrer noopener\">Optio 20-2020<\/a>&nbsp;Tapio Lehtinen OH6UBZ kirjanurkka<\/p>\n\n\n\n<p><a href=\"https:\/\/oh2ap.fi\/wp-content\/uploads\/2025\/10\/K-U_20122020-scaled.jpg\" data-type=\"attachment\" data-id=\"4517\" target=\"_blank\" rel=\"noreferrer noopener\" data-rel=\"lightbox-image-12\" data-rl_title=\"\" data-rl_caption=\"\" title=\"\">K-U 20122020<\/a>&nbsp;Sota-ajan radiotoimintaa&nbsp;Tuusulanj\u00e4rvell\u00e4<\/p>\n\n\n\n<p>Lyhenteet:<br>K-U&nbsp;\u2013 Keski-Uusimaa<br>VU&nbsp;\u2013 Viikko-Uutiset<br>HS \u2013 Helsingin Sanomat<br>S-U \u2013 Silkkiuikku, julk. J\u00e4rvenp\u00e4\u00e4-seura<\/p>\n<\/div>\n<\/div>\n\n\n\n<p><\/p>\n","protected":false},"excerpt":{"rendered":"<p>Historiikin etusivulle Lehtien palstoilla 2005\u20132014 Keijon OH2BOZ ja muidenkin leikekirjoista n\u00e4m\u00e4kin: VU 30092015&nbsp;Syysleirijuttu Mets\u00e4pirtilt\u00e4 K-U 01102015 N\u00e4yttelij\u00e4 Pertti Koivula s\u00e4hk\u00f6ttelee HS 10092016&nbsp;Neuvostoliiton tutkah\u00e4iri\u00f6ist\u00e4 ja niiden selvittelyst\u00e4 1960\/70-luvuilla K-U 01122016&nbsp;Kerhohuoneen tilanteen selvittely\u00e4 Seuratalon ulkoistushankkeessa VU 08122016&nbsp;TURVA -harjoitus syksyll\u00e4 2016 ja varaviestiverkkoasiaa K-U 26022017&nbsp;Kyynel-radion tekemisest\u00e4 Tuusulan seudulla K-U 12012018&nbsp;&#8217;Kyynel-radio oli 40-luvun nokialainen&#8217; HS 25022018&nbsp;Radioamat\u00f6\u00f6rien Varaverkko-toimintaa VU 30052018&nbsp;Radioamat\u00f6\u00f6ritoiminnan [&hellip;]<\/p>\n","protected":false},"author":20,"featured_media":0,"parent":3856,"menu_order":0,"comment_status":"closed","ping_status":"closed","template":"page-templates\/full-width.php","meta":{"footnotes":""},"class_list":["post-4145","page","type-page","status-publish","hentry"],"_links":{"self":[{"href":"https:\/\/oh2ap.fi\/index.php?rest_route=\/wp\/v2\/pages\/4145","targetHints":{"allow":["GET"]}}],"collection":[{"href":"https:\/\/oh2ap.fi\/index.php?rest_route=\/wp\/v2\/pages"}],"about":[{"href":"https:\/\/oh2ap.fi\/index.php?rest_route=\/wp\/v2\/types\/page"}],"author":[{"embeddable":true,"href":"https:\/\/oh2ap.fi\/index.php?rest_route=\/wp\/v2\/users\/20"}],"replies":[{"embeddable":true,"href":"https:\/\/oh2ap.fi\/index.php?rest_route=%2Fwp%2Fv2%2Fcomments&post=4145"}],"version-history":[{"count":5,"href":"https:\/\/oh2ap.fi\/index.php?rest_route=\/wp\/v2\/pages\/4145\/revisions"}],"predecessor-version":[{"id":5140,"href":"https:\/\/oh2ap.fi\/index.php?rest_route=\/wp\/v2\/pages\/4145\/revisions\/5140"}],"up":[{"embeddable":true,"href":"https:\/\/oh2ap.fi\/index.php?rest_route=\/wp\/v2\/pages\/3856"}],"wp:attachment":[{"href":"https:\/\/oh2ap.fi\/index.php?rest_route=%2Fwp%2Fv2%2Fmedia&parent=4145"}],"curies":[{"name":"wp","href":"https:\/\/api.w.org\/{rel}","templated":true}]}}