{"id":4516,"date":"2025-10-26T23:34:38","date_gmt":"2025-10-26T21:34:38","guid":{"rendered":"https:\/\/oh2ap.fi\/?page_id=4516"},"modified":"2025-10-26T23:38:23","modified_gmt":"2025-10-26T21:38:23","slug":"keski-uudenmaan-radioamatoorit-sodassa","status":"publish","type":"page","link":"https:\/\/oh2ap.fi\/?page_id=4516","title":{"rendered":"Keski-Uudenmaan radioamat\u00f6\u00f6rit sodassa"},"content":{"rendered":"\n<div class=\"wp-block-columns is-layout-flex wp-container-core-columns-is-layout-9d6595d7 wp-block-columns-is-layout-flex\">\n<div class=\"wp-block-column is-layout-flow wp-block-column-is-layout-flow\" style=\"flex-basis:33.33%\">\n<p><a href=\"https:\/\/oh2ap.fi\/?page_id=3724\">Historiikin etusivulle<\/a><\/p>\n\n\n\n<p><a href=\"https:\/\/oh2ap.fi\/?page_id=3756\" data-type=\"page\" data-id=\"3756\">Prologi<\/a><\/p>\n\n\n\n<figure class=\"wp-block-image size-large\"><a href=\"https:\/\/oh2ap.fi\/wp-content\/uploads\/2025\/10\/Arvo_045.jpg\" data-rel=\"lightbox-image-0\" data-rl_title=\"\" data-rl_caption=\"\" title=\"\"><img loading=\"lazy\" decoding=\"async\" width=\"1024\" height=\"912\" src=\"https:\/\/oh2ap.fi\/wp-content\/uploads\/2025\/10\/Arvo_045-1024x912.jpg\" alt=\"\" class=\"wp-image-4518\" srcset=\"https:\/\/oh2ap.fi\/wp-content\/uploads\/2025\/10\/Arvo_045-1024x912.jpg 1024w, https:\/\/oh2ap.fi\/wp-content\/uploads\/2025\/10\/Arvo_045-300x267.jpg 300w, https:\/\/oh2ap.fi\/wp-content\/uploads\/2025\/10\/Arvo_045-768x684.jpg 768w, https:\/\/oh2ap.fi\/wp-content\/uploads\/2025\/10\/Arvo_045-624x555.jpg 624w, https:\/\/oh2ap.fi\/wp-content\/uploads\/2025\/10\/Arvo_045.jpg 1056w\" sizes=\"auto, (max-width: 1024px) 100vw, 1024px\" \/><\/a><figcaption class=\"wp-element-caption\">Arvo OH2PW 12.10.&#8217;39 Albertinkadun asemalla<\/figcaption><\/figure>\n\n\n\n<figure class=\"wp-block-image size-full\"><a href=\"https:\/\/oh2ap.fi\/wp-content\/uploads\/2025\/10\/Arvo_049.jpg\" data-rel=\"lightbox-image-1\" data-rl_title=\"\" data-rl_caption=\"\" title=\"\"><img loading=\"lazy\" decoding=\"async\" width=\"945\" height=\"646\" src=\"https:\/\/oh2ap.fi\/wp-content\/uploads\/2025\/10\/Arvo_049.jpg\" alt=\"\" class=\"wp-image-4519\" srcset=\"https:\/\/oh2ap.fi\/wp-content\/uploads\/2025\/10\/Arvo_049.jpg 945w, https:\/\/oh2ap.fi\/wp-content\/uploads\/2025\/10\/Arvo_049-300x205.jpg 300w, https:\/\/oh2ap.fi\/wp-content\/uploads\/2025\/10\/Arvo_049-768x525.jpg 768w, https:\/\/oh2ap.fi\/wp-content\/uploads\/2025\/10\/Arvo_049-624x427.jpg 624w\" sizes=\"auto, (max-width: 945px) 100vw, 945px\" \/><\/a><figcaption class=\"wp-element-caption\">Erkki Koivukangas, OH1NY, my\u00f6h.OH2OV, lukee ARRL:n Handbook&#8217;ia &#8217;siell\u00e4 jossakin&#8217;<\/figcaption><\/figure>\n\n\n\n<figure class=\"wp-block-image size-full\"><a href=\"https:\/\/oh2ap.fi\/wp-content\/uploads\/2025\/10\/Arvo_051.jpg\" data-rel=\"lightbox-image-2\" data-rl_title=\"\" data-rl_caption=\"\" title=\"\"><img loading=\"lazy\" decoding=\"async\" width=\"800\" height=\"961\" src=\"https:\/\/oh2ap.fi\/wp-content\/uploads\/2025\/10\/Arvo_051.jpg\" alt=\"\" class=\"wp-image-4520\" srcset=\"https:\/\/oh2ap.fi\/wp-content\/uploads\/2025\/10\/Arvo_051.jpg 800w, https:\/\/oh2ap.fi\/wp-content\/uploads\/2025\/10\/Arvo_051-250x300.jpg 250w, https:\/\/oh2ap.fi\/wp-content\/uploads\/2025\/10\/Arvo_051-768x923.jpg 768w, https:\/\/oh2ap.fi\/wp-content\/uploads\/2025\/10\/Arvo_051-624x750.jpg 624w\" sizes=\"auto, (max-width: 800px) 100vw, 800px\" \/><\/a><figcaption class=\"wp-element-caption\">Arvo kuuntelee<\/figcaption><\/figure>\n\n\n\n<figure class=\"wp-block-image size-large\"><a href=\"http:\/\/oh2ap.fi\/wp-content\/uploads\/2025\/10\/Arvo_065.jpg\" data-rel=\"lightbox-image-3\" data-rl_title=\"\" data-rl_caption=\"\" title=\"\"><img loading=\"lazy\" decoding=\"async\" width=\"1024\" height=\"672\" src=\"http:\/\/oh2ap.fi\/wp-content\/uploads\/2025\/10\/Arvo_065-1024x672.jpg\" alt=\"\" class=\"wp-image-4475\" srcset=\"https:\/\/oh2ap.fi\/wp-content\/uploads\/2025\/10\/Arvo_065-1024x672.jpg 1024w, https:\/\/oh2ap.fi\/wp-content\/uploads\/2025\/10\/Arvo_065-300x197.jpg 300w, https:\/\/oh2ap.fi\/wp-content\/uploads\/2025\/10\/Arvo_065-768x504.jpg 768w, https:\/\/oh2ap.fi\/wp-content\/uploads\/2025\/10\/Arvo_065-624x410.jpg 624w, https:\/\/oh2ap.fi\/wp-content\/uploads\/2025\/10\/Arvo_065.jpg 1034w\" sizes=\"auto, (max-width: 1024px) 100vw, 1024px\" \/><\/a><figcaption class=\"wp-element-caption\">Radiokuunteluauto &#8217;Moto&#8217;<\/figcaption><\/figure>\n\n\n\n<figure class=\"wp-block-image size-full\"><a href=\"https:\/\/oh2ap.fi\/wp-content\/uploads\/2025\/10\/Arvo_069.jpg\" data-rel=\"lightbox-image-4\" data-rl_title=\"\" data-rl_caption=\"\" title=\"\"><img loading=\"lazy\" decoding=\"async\" width=\"640\" height=\"926\" src=\"https:\/\/oh2ap.fi\/wp-content\/uploads\/2025\/10\/Arvo_069.jpg\" alt=\"\" class=\"wp-image-4523\" srcset=\"https:\/\/oh2ap.fi\/wp-content\/uploads\/2025\/10\/Arvo_069.jpg 640w, https:\/\/oh2ap.fi\/wp-content\/uploads\/2025\/10\/Arvo_069-207x300.jpg 207w, https:\/\/oh2ap.fi\/wp-content\/uploads\/2025\/10\/Arvo_069-624x903.jpg 624w\" sizes=\"auto, (max-width: 640px) 100vw, 640px\" \/><\/a><figcaption class=\"wp-element-caption\">Eki OH1NY on l\u00f6yt\u00e4nyt Karhum\u00e4ess\u00e4 radioputken<\/figcaption><\/figure>\n\n\n\n<figure class=\"wp-block-image size-full\"><a href=\"https:\/\/oh2ap.fi\/wp-content\/uploads\/2025\/10\/Arvo_060.jpg\" data-rel=\"lightbox-image-5\" data-rl_title=\"\" data-rl_caption=\"\" title=\"\"><img loading=\"lazy\" decoding=\"async\" width=\"683\" height=\"475\" src=\"https:\/\/oh2ap.fi\/wp-content\/uploads\/2025\/10\/Arvo_060.jpg\" alt=\"\" class=\"wp-image-4524\" srcset=\"https:\/\/oh2ap.fi\/wp-content\/uploads\/2025\/10\/Arvo_060.jpg 683w, https:\/\/oh2ap.fi\/wp-content\/uploads\/2025\/10\/Arvo_060-300x209.jpg 300w, https:\/\/oh2ap.fi\/wp-content\/uploads\/2025\/10\/Arvo_060-624x434.jpg 624w\" sizes=\"auto, (max-width: 683px) 100vw, 683px\" \/><\/a><figcaption class=\"wp-element-caption\">Arvo OH2PW maastoharjoituksessa desanttina aidolla desanttiradiolla<\/figcaption><\/figure>\n\n\n\n<figure class=\"wp-block-image size-full\"><a href=\"https:\/\/oh2ap.fi\/wp-content\/uploads\/2025\/10\/Arvo_055.jpg\" data-rel=\"lightbox-image-6\" data-rl_title=\"\" data-rl_caption=\"\" title=\"\"><img loading=\"lazy\" decoding=\"async\" width=\"926\" height=\"630\" src=\"https:\/\/oh2ap.fi\/wp-content\/uploads\/2025\/10\/Arvo_055.jpg\" alt=\"\" class=\"wp-image-4525\" srcset=\"https:\/\/oh2ap.fi\/wp-content\/uploads\/2025\/10\/Arvo_055.jpg 926w, https:\/\/oh2ap.fi\/wp-content\/uploads\/2025\/10\/Arvo_055-300x204.jpg 300w, https:\/\/oh2ap.fi\/wp-content\/uploads\/2025\/10\/Arvo_055-768x523.jpg 768w, https:\/\/oh2ap.fi\/wp-content\/uploads\/2025\/10\/Arvo_055-624x425.jpg 624w\" sizes=\"auto, (max-width: 926px) 100vw, 926px\" \/><\/a><figcaption class=\"wp-element-caption\">Eki OH1NY kuuntelee<\/figcaption><\/figure>\n\n\n\n<figure class=\"wp-block-image size-full\"><a href=\"https:\/\/oh2ap.fi\/wp-content\/uploads\/2025\/10\/Arvo_052.jpg\" data-rel=\"lightbox-image-7\" data-rl_title=\"\" data-rl_caption=\"\" title=\"\"><img loading=\"lazy\" decoding=\"async\" width=\"741\" height=\"882\" src=\"https:\/\/oh2ap.fi\/wp-content\/uploads\/2025\/10\/Arvo_052.jpg\" alt=\"\" class=\"wp-image-4526\" srcset=\"https:\/\/oh2ap.fi\/wp-content\/uploads\/2025\/10\/Arvo_052.jpg 741w, https:\/\/oh2ap.fi\/wp-content\/uploads\/2025\/10\/Arvo_052-252x300.jpg 252w, https:\/\/oh2ap.fi\/wp-content\/uploads\/2025\/10\/Arvo_052-624x743.jpg 624w\" sizes=\"auto, (max-width: 741px) 100vw, 741px\" \/><\/a><figcaption class=\"wp-element-caption\">Arvo OH2PW siirt\u00e4\u00e4 suuntimia kartalle<\/figcaption><\/figure>\n\n\n\n<p>Kuvat: OH2PW:n muistelmat<\/p>\n<\/div>\n\n\n\n<div class=\"wp-block-column is-layout-flow wp-block-column-is-layout-flow\" style=\"flex-basis:66.66%\">\n<p>Sodan uhkan kohotessa kielsi Posti- ja lenn\u00e4tinhallitus (PLH) Kulkulaitosten ja yleisten t\u00f6iden ministeri\u00f6n p\u00e4\u00e4t\u00f6ksell\u00e4&nbsp;radioamat\u00f6\u00f6ritoiminnan 16.9.1939 Suomessa ja radiolaitteet joko takavarikoitiin tai \u201dvallesmanni\u201d sinet\u00f6i ne kuten tehtiin Arvo Kallion, OH2PW muistelmissaan mainitsemille laitteillekin. Muissa maissa tehtiin samanlaisia kieltoja.<\/p>\n\n\n\n<p>Arvo kutsuttiin monen muun radioamat\u00f6\u00f6rin lailla ensin suorittamaan sotilas-radios\u00e4hk\u00f6tt\u00e4j\u00e4tutkinto ja sittemmin jo lokakuussa 1939 \u201dkertausharjoituksiin\u201d kuuntelemaan vihollisen radioliikennett\u00e4. Harjoitukset jatkuivat tositoimina Neuvostoliiton hy\u00f6k\u00e4tty\u00e4 Suomeen 30.11. ja Talvisodan sytytty\u00e4. N\u00e4ist\u00e4kin ajoista kertoo Arvon OH2PW muistelukset <a href=\"https:\/\/oh2ap.fi\/?page_id=4183\" data-type=\"page\" data-id=\"4183\">Harrasteena Radioamat\u00f6\u00f6ritoiminta<\/a>: noilta sivuilta l\u00f6ytyy muitakin sittemmin&nbsp;Tuusulan seudulle asettuneita radioamat\u00f6\u00f6rej\u00e4.<\/p>\n\n\n\n<p>Kun 22.6.1941 Saksa hy\u00f6kk\u00e4si Neuvostoliittoon, Suomi oli j\u00e4lleen mukana sodassa. Nyt radiotiedustelua tarvittiin enemm\u00e4n kuin koskaan. Jatkosodan aikana tiedusteluyksik\u00f6t organisoitiin P\u00e4\u00e4majan radiopataljoonaksi, jota johti ev. Reino Hallamaa. Pataljoonassa oli radiotiedustelukomppanioiden lis\u00e4ksi kolmesta kuuteen liikkuvaa radioasemaa, MOTOa. My\u00f6hemmist\u00e4 yhdistyksen j\u00e4senist\u00e4 ainakin Arvo Kallio OH2PW, Erkki Koivukangas OH2OV ja Matti Koivukangas OH2QU palvelivat jatkosodan aikana MOTO:ssa.<\/p>\n\n\n\n<p>On hyv\u00e4 muistaa, ett\u00e4 Suomen sodanaikaisessa, resursseihin n\u00e4hden erinomaisesti toimineessa&nbsp;radiotiedustelussa olivat mukana k\u00e4yt\u00e4nn\u00f6ss\u00e4 kaikki sen aikaiset parisataa radioamat\u00f6\u00f6ri\u00e4.<br><br>Tehokkaalla tiedustelutoiminnalla mm. saatiin Tuusulan alueella kiinni toistakymment\u00e4 ven\u00e4l\u00e4ist\u00e4 desanttia, jotka oli tuotu lentokoneilla Suomeen vakoilu- ja tuhoamisteht\u00e4viin. Erkki Koivukangas OH1NY\/OH2OV oli yksi, joka jatkosodan my\u00f6hemm\u00e4ss\u00e4 vaiheessa suoritti t\u00e4t\u00e4 <a href=\"http:\/\/oh2ap.fi\/wp-content\/uploads\/2025\/10\/K-U_20122020.jpg\" data-type=\"link\" data-id=\"http:\/\/oh2ap.fi\/wp-content\/uploads\/2025\/10\/K-U_20122020-scaled.jpg\" data-rel=\"lightbox-image-8\" data-rl_title=\"\" data-rl_caption=\"\" title=\"\">paikallista desanttijahtia<\/a>.<\/p>\n\n\n\n<p>Ulkomaiden kontakteja varten perustettiin oma erillinen radioasema, jonka sijoituspaikka oli ensin Suomenlinna ja sittemmin Onnela Tuusulassa.<br>Sodan aikana Onnela toimi my\u00f6s v\u00e4liaikaisena sotilasmajoituspaikkana. Tuusulassa toimi kymmeni\u00e4 matemaatikkoja ja kielimiehi\u00e4, jotka pyrkiv\u00e4t purkamaan selv\u00e4kieliseen muotoon radistien sieppaamia vihollisen salakirjoitettuja sanomia. Peitemieless\u00e4 he olivat Onnelaan majoitettuja haavoittuneita sotilaita vaikka itseasiassa he muodostivat Suomen radiotiedustelun ydinryhm\u00e4n. On arvioitu, ett\u00e4 jatkosodan alkuvaiheessa suomalainen tiedustelu pystyi &#8217;avaamaan&#8217; jopa noin 80 %:a vihollisen salakirjoitetuista sanomista.<\/p>\n\n\n\n<p><sub>L\u00e4htein\u00e4 k\u00e4ytetty:<br>1. Arvo Kallion OH2PW valokuvakansio<br>2. Jouko Heleniuksen OH2BAN is\u00e4n Paavo Heleniuksen muistelut<\/sub><\/p>\n<\/div>\n<\/div>\n","protected":false},"excerpt":{"rendered":"<p>Historiikin etusivulle Prologi Kuvat: OH2PW:n muistelmat Sodan uhkan kohotessa kielsi Posti- ja lenn\u00e4tinhallitus (PLH) Kulkulaitosten ja yleisten t\u00f6iden ministeri\u00f6n p\u00e4\u00e4t\u00f6ksell\u00e4&nbsp;radioamat\u00f6\u00f6ritoiminnan 16.9.1939 Suomessa ja radiolaitteet joko takavarikoitiin tai \u201dvallesmanni\u201d sinet\u00f6i ne kuten tehtiin Arvo Kallion, OH2PW muistelmissaan mainitsemille laitteillekin. Muissa maissa tehtiin samanlaisia kieltoja. Arvo kutsuttiin monen muun radioamat\u00f6\u00f6rin lailla ensin suorittamaan sotilas-radios\u00e4hk\u00f6tt\u00e4j\u00e4tutkinto ja sittemmin jo [&hellip;]<\/p>\n","protected":false},"author":20,"featured_media":0,"parent":3756,"menu_order":0,"comment_status":"closed","ping_status":"closed","template":"page-templates\/full-width.php","meta":{"footnotes":""},"class_list":["post-4516","page","type-page","status-publish","hentry"],"_links":{"self":[{"href":"https:\/\/oh2ap.fi\/index.php?rest_route=\/wp\/v2\/pages\/4516","targetHints":{"allow":["GET"]}}],"collection":[{"href":"https:\/\/oh2ap.fi\/index.php?rest_route=\/wp\/v2\/pages"}],"about":[{"href":"https:\/\/oh2ap.fi\/index.php?rest_route=\/wp\/v2\/types\/page"}],"author":[{"embeddable":true,"href":"https:\/\/oh2ap.fi\/index.php?rest_route=\/wp\/v2\/users\/20"}],"replies":[{"embeddable":true,"href":"https:\/\/oh2ap.fi\/index.php?rest_route=%2Fwp%2Fv2%2Fcomments&post=4516"}],"version-history":[{"count":2,"href":"https:\/\/oh2ap.fi\/index.php?rest_route=\/wp\/v2\/pages\/4516\/revisions"}],"predecessor-version":[{"id":4531,"href":"https:\/\/oh2ap.fi\/index.php?rest_route=\/wp\/v2\/pages\/4516\/revisions\/4531"}],"up":[{"embeddable":true,"href":"https:\/\/oh2ap.fi\/index.php?rest_route=\/wp\/v2\/pages\/3756"}],"wp:attachment":[{"href":"https:\/\/oh2ap.fi\/index.php?rest_route=%2Fwp%2Fv2%2Fmedia&parent=4516"}],"curies":[{"name":"wp","href":"https:\/\/api.w.org\/{rel}","templated":true}]}}