{"id":4537,"date":"2025-10-27T00:01:48","date_gmt":"2025-10-26T22:01:48","guid":{"rendered":"https:\/\/oh2ap.fi\/?page_id=4537"},"modified":"2025-11-06T23:43:26","modified_gmt":"2025-11-06T21:43:26","slug":"lehtien-palstoilla-1965-1974","status":"publish","type":"page","link":"https:\/\/oh2ap.fi\/?page_id=4537","title":{"rendered":"Lehtien palstoilla 1965\u20131974"},"content":{"rendered":"\n<div class=\"wp-block-columns is-layout-flex wp-container-core-columns-is-layout-9d6595d7 wp-block-columns-is-layout-flex\">\n<div class=\"wp-block-column is-layout-flow wp-block-column-is-layout-flow\" style=\"flex-basis:33.33%\">\n<p><a href=\"https:\/\/oh2ap.fi\/?page_id=3724\">Historiikin etusivulle<\/a><\/p>\n\n\n\n<p><a href=\"https:\/\/oh2ap.fi\/?page_id=4556\">Lehtien palstoilla 1975\u20131984<\/a><\/p>\n<\/div>\n\n\n\n<div class=\"wp-block-column is-layout-flow wp-block-column-is-layout-flow\" style=\"flex-basis:66.66%\">\n<p>Keijo OH2BOZ on ansiokkaasti tallentanut leikekirjaksi kerhon ja v\u00e4h\u00e4n muunkin amat\u00f6\u00f6riyhteis\u00f6n saamaa palstatilaa. T\u00e4ss\u00e4 kopioita noista artikkeleista.<\/p>\n\n\n\n<p><a href=\"http:\/\/oh2ap.fi\/wp-content\/uploads\/2025\/10\/K-U_19061965.jpg\" target=\"_blank\" rel=\"noreferrer noopener\" data-rel=\"lightbox-image-0\" data-rl_title=\"\" data-rl_caption=\"\" title=\"\">K-U 19061965<\/a>&nbsp;Kerhon perustaminen<br><br><a href=\"http:\/\/oh2ap.fi\/wp-content\/uploads\/2025\/10\/K-U-23081966.jpg\" target=\"_blank\" rel=\"noreferrer noopener\" data-rel=\"lightbox-image-1\" data-rl_title=\"\" data-rl_caption=\"\" title=\"\">K-U 23081966<\/a>&nbsp;Yhdistyksen ensimm\u00e4inen leiri ja mobiiliworkkiminen<br><br><a href=\"http:\/\/oh2ap.fi\/wp-content\/uploads\/2025\/10\/K-U_15101966.jpg\" target=\"_blank\" rel=\"noreferrer noopener\" data-rel=\"lightbox-image-2\" data-rl_title=\"\" data-rl_caption=\"\" title=\"\">K-U_15101966<\/a>&nbsp;Nuorisomessujen avaus<br><br><a href=\"http:\/\/oh2ap.fi\/wp-content\/uploads\/2025\/10\/K-U_18101966-1.jpg\" target=\"_blank\" rel=\"noreferrer noopener\" data-rel=\"lightbox-image-3\" data-rl_title=\"\" data-rl_caption=\"\" title=\"\">K-U_18101966<\/a>&nbsp;Nuorisomessut 1<br><a href=\"http:\/\/oh2ap.fi\/wp-content\/uploads\/2025\/10\/K-U_18101966-2.jpg\" target=\"_blank\" rel=\"noreferrer noopener\" data-rel=\"lightbox-image-4\" data-rl_title=\"\" data-rl_caption=\"\" title=\"\">K-U_18101966<\/a>&nbsp;Nuorisomessut 2<\/p>\n\n\n\n<p><a href=\"http:\/\/oh2ap.fi\/wp-content\/uploads\/2025\/10\/Lehdet_VUkai_1972kai.jpg\" target=\"_blank\" rel=\"noreferrer noopener\" data-rel=\"lightbox-image-5\" data-rl_title=\"\" data-rl_caption=\"\" title=\"\">K-U_1973<\/a>&nbsp;Kerhon syysleiri Vanhankyl\u00e4nniemess\u00e4<\/p>\n\n\n\n<p><a href=\"http:\/\/oh2ap.fi\/wp-content\/uploads\/2025\/10\/Lehdet_VUkai_1975kai.jpg\" target=\"_blank\" rel=\"noreferrer noopener\" data-rel=\"lightbox-image-6\" data-rl_title=\"\" data-rl_caption=\"\" title=\"\">VU_1973<\/a>&nbsp;Kerhon syysleiri Vanhankyl\u00e4nniemess\u00e4<\/p>\n\n\n\n<p><a href=\"http:\/\/oh2ap.fi\/wp-content\/uploads\/2025\/10\/Lehdet_K-Ukai_1978kai.jpg\" target=\"_blank\" rel=\"noreferrer noopener\" data-rel=\"lightbox-image-7\" data-rl_title=\"\" data-rl_caption=\"\" title=\"\">K-U_1974<\/a>&nbsp;Harrasten\u00e4yttely<\/p>\n\n\n\n<p><a href=\"http:\/\/oh2ap.fi\/wp-content\/uploads\/2025\/10\/Lehdet_K-U_08101974.jpg\" target=\"_blank\" rel=\"noreferrer noopener\" data-rel=\"lightbox-image-8\" data-rl_title=\"\" data-rl_caption=\"\" title=\"\">K-U_08101974<\/a>&nbsp;Syysleiri Vanhankyl\u00e4nniemess\u00e4<\/p>\n\n\n\n<p><a href=\"http:\/\/oh2ap.fi\/wp-content\/uploads\/2025\/10\/Lehdet_K-U_16021974.jpg\" target=\"_blank\" rel=\"noreferrer noopener\" data-rel=\"lightbox-image-9\" data-rl_title=\"\" data-rl_caption=\"\" title=\"\">K-U_16021974<\/a>&nbsp;Vuosikokouskuulumiset<\/p>\n\n\n\n<p><a href=\"http:\/\/oh2ap.fi\/wp-content\/uploads\/2025\/10\/Lehdet_K-U_19101974.jpg\" target=\"_blank\" rel=\"noreferrer noopener\" data-rel=\"lightbox-image-10\" data-rl_title=\"\" data-rl_caption=\"\" title=\"\">K-U_19101974<\/a>&nbsp;Kerhoasema mukana Jamboree On The Air -tapahtumassa<\/p>\n\n\n\n<p><a href=\"http:\/\/oh2ap.fi\/wp-content\/uploads\/2025\/10\/Lehdet_K-U_22101974.jpg\" target=\"_blank\" rel=\"noreferrer noopener\" data-rel=\"lightbox-image-11\" data-rl_title=\"\" data-rl_caption=\"\" title=\"\">K-U_22101974<\/a>&nbsp;OH2AP Radio-Jamboreella<\/p>\n\n\n\n<p><a href=\"http:\/\/oh2ap.fi\/wp-content\/uploads\/2025\/10\/Lehdet_VU_05101974.jpg\" target=\"_blank\" rel=\"noreferrer noopener\" data-rel=\"lightbox-image-12\" data-rl_title=\"\" data-rl_caption=\"\" title=\"\">VU_05101974<\/a>&nbsp;Syysleiri Vanhankyl\u00e4nniemess\u00e4<\/p>\n\n\n\n<p><a href=\"http:\/\/oh2ap.fi\/wp-content\/uploads\/2025\/10\/Lehdet_VU_16021974.jpg\" target=\"_blank\" rel=\"noreferrer noopener\" data-rel=\"lightbox-image-13\" data-rl_title=\"\" data-rl_caption=\"\" title=\"\">VU_16021974<\/a>&nbsp;Vuosikokouskuulumiset<\/p>\n\n\n\n<p><a href=\"http:\/\/oh2ap.fi\/wp-content\/uploads\/2025\/10\/OH2PF_Sariola_60v.jpg\" target=\"_blank\" rel=\"noreferrer noopener\" data-rel=\"lightbox-image-14\" data-rl_title=\"\" data-rl_caption=\"\" title=\"\">K-U 25061974<\/a>&nbsp;Toivo Sariola&nbsp; OH2PF 60 v.<\/p>\n\n\n\n<p>Lyhenteet:<br>K-U&nbsp;&#8211; Keski-Uusimaa<br>VU &#8211; Viikko-Uutiset<\/p>\n<\/div>\n<\/div>\n","protected":false},"excerpt":{"rendered":"<p>Historiikin etusivulle Lehtien palstoilla 1975\u20131984 Keijo OH2BOZ on ansiokkaasti tallentanut leikekirjaksi kerhon ja v\u00e4h\u00e4n muunkin amat\u00f6\u00f6riyhteis\u00f6n saamaa palstatilaa. T\u00e4ss\u00e4 kopioita noista artikkeleista. K-U 19061965&nbsp;Kerhon perustaminen K-U 23081966&nbsp;Yhdistyksen ensimm\u00e4inen leiri ja mobiiliworkkiminen K-U_15101966&nbsp;Nuorisomessujen avaus K-U_18101966&nbsp;Nuorisomessut 1K-U_18101966&nbsp;Nuorisomessut 2 K-U_1973&nbsp;Kerhon syysleiri Vanhankyl\u00e4nniemess\u00e4 VU_1973&nbsp;Kerhon syysleiri Vanhankyl\u00e4nniemess\u00e4 K-U_1974&nbsp;Harrasten\u00e4yttely K-U_08101974&nbsp;Syysleiri Vanhankyl\u00e4nniemess\u00e4 K-U_16021974&nbsp;Vuosikokouskuulumiset K-U_19101974&nbsp;Kerhoasema mukana Jamboree On The Air -tapahtumassa K-U_22101974&nbsp;OH2AP Radio-Jamboreella [&hellip;]<\/p>\n","protected":false},"author":20,"featured_media":0,"parent":3829,"menu_order":0,"comment_status":"closed","ping_status":"closed","template":"page-templates\/full-width.php","meta":{"footnotes":""},"class_list":["post-4537","page","type-page","status-publish","hentry"],"_links":{"self":[{"href":"https:\/\/oh2ap.fi\/index.php?rest_route=\/wp\/v2\/pages\/4537","targetHints":{"allow":["GET"]}}],"collection":[{"href":"https:\/\/oh2ap.fi\/index.php?rest_route=\/wp\/v2\/pages"}],"about":[{"href":"https:\/\/oh2ap.fi\/index.php?rest_route=\/wp\/v2\/types\/page"}],"author":[{"embeddable":true,"href":"https:\/\/oh2ap.fi\/index.php?rest_route=\/wp\/v2\/users\/20"}],"replies":[{"embeddable":true,"href":"https:\/\/oh2ap.fi\/index.php?rest_route=%2Fwp%2Fv2%2Fcomments&post=4537"}],"version-history":[{"count":6,"href":"https:\/\/oh2ap.fi\/index.php?rest_route=\/wp\/v2\/pages\/4537\/revisions"}],"predecessor-version":[{"id":5125,"href":"https:\/\/oh2ap.fi\/index.php?rest_route=\/wp\/v2\/pages\/4537\/revisions\/5125"}],"up":[{"embeddable":true,"href":"https:\/\/oh2ap.fi\/index.php?rest_route=\/wp\/v2\/pages\/3829"}],"wp:attachment":[{"href":"https:\/\/oh2ap.fi\/index.php?rest_route=%2Fwp%2Fv2%2Fmedia&parent=4537"}],"curies":[{"name":"wp","href":"https:\/\/api.w.org\/{rel}","templated":true}]}}