{"id":4618,"date":"2025-10-27T23:34:22","date_gmt":"2025-10-27T21:34:22","guid":{"rendered":"https:\/\/oh2ap.fi\/?page_id=4618"},"modified":"2025-11-06T23:40:37","modified_gmt":"2025-11-06T21:40:37","slug":"esko-vuorenmaa-oh2bam","status":"publish","type":"page","link":"https:\/\/oh2ap.fi\/?page_id=4618","title":{"rendered":"Esko Vuorenmaa OH2BAM"},"content":{"rendered":"\n<div class=\"wp-block-columns is-layout-flex wp-container-core-columns-is-layout-9d6595d7 wp-block-columns-is-layout-flex\">\n<div class=\"wp-block-column is-layout-flow wp-block-column-is-layout-flow\" style=\"flex-basis:33.33%\">\n<p><a href=\"https:\/\/oh2ap.fi\/?page_id=3724\">Historiikin etusivulle<\/a><\/p>\n\n\n\n<figure class=\"wp-block-image size-full\"><a href=\"https:\/\/oh2ap.fi\/wp-content\/uploads\/2025\/10\/oh2bam_qsl_1962.jpg\" data-rel=\"lightbox-image-0\" data-rl_title=\"\" data-rl_caption=\"\" title=\"\"><img loading=\"lazy\" decoding=\"async\" width=\"800\" height=\"517\" src=\"https:\/\/oh2ap.fi\/wp-content\/uploads\/2025\/10\/oh2bam_qsl_1962.jpg\" alt=\"\" class=\"wp-image-4620\" srcset=\"https:\/\/oh2ap.fi\/wp-content\/uploads\/2025\/10\/oh2bam_qsl_1962.jpg 800w, https:\/\/oh2ap.fi\/wp-content\/uploads\/2025\/10\/oh2bam_qsl_1962-300x194.jpg 300w, https:\/\/oh2ap.fi\/wp-content\/uploads\/2025\/10\/oh2bam_qsl_1962-768x496.jpg 768w, https:\/\/oh2ap.fi\/wp-content\/uploads\/2025\/10\/oh2bam_qsl_1962-624x403.jpg 624w\" sizes=\"auto, (max-width: 800px) 100vw, 800px\" \/><\/a><\/figure>\n\n\n\n<figure class=\"wp-block-image size-large\"><a href=\"http:\/\/oh2ap.fi\/wp-content\/uploads\/2025\/10\/OH2BAM_qsl.pdf\"><img loading=\"lazy\" decoding=\"async\" width=\"1024\" height=\"632\" src=\"https:\/\/oh2ap.fi\/wp-content\/uploads\/2025\/10\/OH2BAM_qsl-1024x632.jpg\" alt=\"\" class=\"wp-image-4622\" srcset=\"https:\/\/oh2ap.fi\/wp-content\/uploads\/2025\/10\/OH2BAM_qsl-1024x632.jpg 1024w, https:\/\/oh2ap.fi\/wp-content\/uploads\/2025\/10\/OH2BAM_qsl-300x185.jpg 300w, https:\/\/oh2ap.fi\/wp-content\/uploads\/2025\/10\/OH2BAM_qsl-768x474.jpg 768w, https:\/\/oh2ap.fi\/wp-content\/uploads\/2025\/10\/OH2BAM_qsl-1536x948.jpg 1536w, https:\/\/oh2ap.fi\/wp-content\/uploads\/2025\/10\/OH2BAM_qsl-624x385.jpg 624w, https:\/\/oh2ap.fi\/wp-content\/uploads\/2025\/10\/OH2BAM_qsl.jpg 1687w\" sizes=\"auto, (max-width: 1024px) 100vw, 1024px\" \/><\/a><\/figure>\n\n\n\n<figure class=\"wp-block-image size-large\"><a href=\"http:\/\/oh2ap.fi\/wp-content\/uploads\/2025\/10\/OH2BAM_qsl_1985.pdf\"><img loading=\"lazy\" decoding=\"async\" width=\"1024\" height=\"602\" src=\"https:\/\/oh2ap.fi\/wp-content\/uploads\/2025\/10\/OH2BAM_qsl_1985-1024x602.jpg\" alt=\"\" class=\"wp-image-4624\" srcset=\"https:\/\/oh2ap.fi\/wp-content\/uploads\/2025\/10\/OH2BAM_qsl_1985-1024x602.jpg 1024w, https:\/\/oh2ap.fi\/wp-content\/uploads\/2025\/10\/OH2BAM_qsl_1985-300x176.jpg 300w, https:\/\/oh2ap.fi\/wp-content\/uploads\/2025\/10\/OH2BAM_qsl_1985-768x451.jpg 768w, https:\/\/oh2ap.fi\/wp-content\/uploads\/2025\/10\/OH2BAM_qsl_1985-1536x903.jpg 1536w, https:\/\/oh2ap.fi\/wp-content\/uploads\/2025\/10\/OH2BAM_qsl_1985-624x367.jpg 624w, https:\/\/oh2ap.fi\/wp-content\/uploads\/2025\/10\/OH2BAM_qsl_1985.jpg 1608w\" sizes=\"auto, (max-width: 1024px) 100vw, 1024px\" \/><\/a><\/figure>\n\n\n\n<figure class=\"wp-block-image size-large\"><a href=\"http:\/\/oh2ap.fi\/wp-content\/uploads\/2025\/10\/OH3AH_2.pdf\"><img loading=\"lazy\" decoding=\"async\" width=\"1024\" height=\"626\" src=\"http:\/\/oh2ap.fi\/wp-content\/uploads\/2025\/10\/OH3AH_2-1024x626.jpg\" alt=\"\" class=\"wp-image-4627\" srcset=\"https:\/\/oh2ap.fi\/wp-content\/uploads\/2025\/10\/OH3AH_2-1024x626.jpg 1024w, https:\/\/oh2ap.fi\/wp-content\/uploads\/2025\/10\/OH3AH_2-300x184.jpg 300w, https:\/\/oh2ap.fi\/wp-content\/uploads\/2025\/10\/OH3AH_2-768x470.jpg 768w, https:\/\/oh2ap.fi\/wp-content\/uploads\/2025\/10\/OH3AH_2-1536x940.jpg 1536w, https:\/\/oh2ap.fi\/wp-content\/uploads\/2025\/10\/OH3AH_2-624x382.jpg 624w, https:\/\/oh2ap.fi\/wp-content\/uploads\/2025\/10\/OH3AH_2.jpg 1695w\" sizes=\"auto, (max-width: 1024px) 100vw, 1024px\" \/><\/a><\/figure>\n<\/div>\n\n\n\n<div class=\"wp-block-column is-layout-flow wp-block-column-is-layout-flow\" style=\"flex-basis:66.66%\">\n<figure class=\"wp-block-image size-full\"><a href=\"https:\/\/oh2ap.fi\/wp-content\/uploads\/2025\/10\/OH2AP_kerhoilta2_1967kai.jpg\" data-rel=\"lightbox-image-1\" data-rl_title=\"\" data-rl_caption=\"\" title=\"\"><img loading=\"lazy\" decoding=\"async\" width=\"979\" height=\"820\" src=\"https:\/\/oh2ap.fi\/wp-content\/uploads\/2025\/10\/OH2AP_kerhoilta2_1967kai.jpg\" alt=\"\" class=\"wp-image-4619\" srcset=\"https:\/\/oh2ap.fi\/wp-content\/uploads\/2025\/10\/OH2AP_kerhoilta2_1967kai.jpg 979w, https:\/\/oh2ap.fi\/wp-content\/uploads\/2025\/10\/OH2AP_kerhoilta2_1967kai-300x251.jpg 300w, https:\/\/oh2ap.fi\/wp-content\/uploads\/2025\/10\/OH2AP_kerhoilta2_1967kai-768x643.jpg 768w, https:\/\/oh2ap.fi\/wp-content\/uploads\/2025\/10\/OH2AP_kerhoilta2_1967kai-624x523.jpg 624w\" sizes=\"auto, (max-width: 979px) 100vw, 979px\" \/><\/a><figcaption class=\"wp-element-caption\">Harrasten\u00e4yttelyyn tehdyn taulun kuvassa Jouko kopittaa lokiin ja Esko seuraa.<\/figcaption><\/figure>\n\n\n\n<p><em><strong>Jouko, OH2BAN kertoo Eskosta:<\/strong><\/em><\/p>\n\n\n\n<p>Vuorenmaan perhe, Esko (1945-1993), vanhemmat ja kaksi iso-siskoa, asui puisessa omakotitalossa Huvilakatu 4:ss\u00e4 Mannilantien kulmauksessa J\u00e4rvenp\u00e4\u00e4ss\u00e4, jonne muuttivat kohta jatkosodan j\u00e4lkeen.<\/p>\n\n\n\n<p>Olimme Eskon kanssa koulukavereita J\u00e4rvenp\u00e4\u00e4n Yhteiskoulussa (ns. keskikoulu) aina vuoteen 1960 saakka, jolloin h\u00e4n l\u00e4hti ty\u00f6el\u00e4m\u00e4\u00e4n ilman varsinaista ammattikoulutusta.<\/p>\n\n\n\n<p>Saimme \u201dkipin\u00e4n\u201d hamssihommiin koulun pihalla. Tapani, OH2LU, oli my\u00f6s koulumme kasvatti, mutta ehti l\u00e4hte\u00e4 koulusta ennen meit\u00e4. Raimo, OH2DU, tuli koulustamme ylioppilaaksi 1960. Koivukankaan veljekset Eki, OH2OV ja Matti, OH2QU harrastuksineen olivat tietysti my\u00f6s meid\u00e4nkin tiedossa.<\/p>\n\n\n\n<p>P\u00e4\u00e4timme vakavissamme tulla hamseiksi ja meid\u00e4n kohdalla homma alkoi summereiden rakentamisella. Niill\u00e4 alkoi sitten CW:n harjoittelu itseopiskellen ja toinen toisillemme s\u00e4hk\u00f6tellen.<\/p>\n\n\n\n<p>SRAL:n j\u00e4seniksi p\u00e4\u00e4simme vuonna 1960 Koivukankaan veljesten suosituksella. L\u00e4hdin kev\u00e4\u00e4ll\u00e4 1961 ensimm\u00e4isen\u00e4 kokeilemaan onneani kokelastutkintoon onnistuen hommassa heti ensimm\u00e4isell\u00e4 kerralla. Samoin Esko l\u00e4p\u00e4isi tentin v\u00e4h\u00e4n my\u00f6hemmin. Kannattaa huomata, ett\u00e4 ns. kokelasluokka tutkintoineen tuli k\u00e4ytt\u00f6\u00f6n juuri vuonna 1961.<\/p>\n\n\n\n<p>Eskosta tuli heti alusta l\u00e4htien innokas hamssi ja h\u00e4n oli eritt\u00e4in taitava CW-mies. Tuonnempana Esko suoritti varusmiespalveluksen viestimiehen\u00e4 Riihim\u00e4ell\u00e4. Keken, OH3WM mukaan Esko mm. hoiteli siell\u00e4 ammattilaisen ottein puolustusvoimien Libanonin ja Kyproksen yhteyksi\u00e4. Varusmiesaikanaan Esko oli palvelusajan ulkopuolella ahkerasti QRV varuskunnan kerhoasemalta .<\/p>\n\n\n\n<p>Esko osti ensimm\u00e4iseksi transceiverikseen kuuden bandin Eico 723:n. Antenniksi h\u00e4n rakensi quadin oman kyl\u00e4n Mr. Quad&#8217;in (=OH2OV) innoittamana. Antennin k\u00e4\u00e4nt\u00f6moottorina toimi ns. arm-strong (=k\u00e4si ulos tuuletusikkunasta k\u00e4\u00e4nt\u00e4m\u00e4\u00e4n antenniputkea). Antenni ulottui juuri ja juuri harjakattoisen talon katonharjan yl\u00e4puolelle, mutta QSO kulki, sill\u00e4 elettiin 1960-luvun hyvi\u00e4 radiokelej\u00e4.<\/p>\n\n\n\n<p>Jossain vaiheessa antennimastona ollut huonekaluputki lommahti ja antenni romahti, jolloin vahingosta viisastuneena seuraavan version Esko teki tukevammasta materiaalista.<\/p>\n\n\n\n<p>Eskon touhut houkuttelivat muitakin hamseiksi. N\u00e4it\u00e4 innostuneita olivat ainakin Invassa asunut Jorma Turunen, OH2BFY ja my\u00f6s Eskon ty\u00f6kaveri, Jarmo Kallio, OH2BCF.<\/p>\n\n\n\n<p>Setlementti Louhelan vieress\u00e4 oli tuolloin jo nyt purettu Ponkalan huvila. T\u00e4m\u00e4 iso kaksikerroksinen puuhuvila oli ilmeisesti aikanaan tuotu Terijoelta. Sinne Esko ja Jarmo, OH2BCF muuttivat ja vetiv\u00e4t antennit puihin. Jarmolle tuo yhteisasuminen j\u00e4i varsin lyhyeksi, sill\u00e4 nuoren miehen vei mukaansa tuore XYL.<\/p>\n\n\n\n<p>OH2AP:n toiminnassa Esko oli my\u00f6s innokkaasti mukana toimien yhdistyksen puheenjohtajana vuosina 1968-1974 ja hallituksen j\u00e4senen\u00e4 1975 sek\u00e4 1988-1990.<\/p>\n\n\n\n<p>Esko oli 1960-luvulla t\u00f6iss\u00e4 Salmisaaressa Nokian kaapelitehtaan elektroniikkaosastolla. Jossain vaiheessa h\u00e4n siirtyi Kemij\u00e4rvelle Salcompin tehtaalle, sill\u00e4 olihan h\u00e4n ollut jo monia vuosia innokas lapink\u00e4vij\u00e4. Noilta lapinmatkoiltaan Eskolle, jonka yksi harrastus oli valokuvaus, kertyi laaja diakokoelma.<\/p>\n\n\n\n<p><a><\/a><a><\/a>Sittemmin Esko palasi takaisin etel\u00e4\u00e4n ja asettui asumaan vanhempiensa kanssa omakotitaloon Kellokoskella. Siell\u00e4 maston ja yagin juurella h\u00e4n jatkoi innokkaasti CW-uraansa kunnes sairaus vuonna 1993 katkaisi kaiken aivan liian aikaisin ja teki Eskosta silent key&#8217;n.<\/p>\n\n\n\n<p>Yhden illan tapahtumia Tapani OH2BMV (nyt OH5BM) muistelee seuraavasti: &#8221;Muistan kun 1975 kieppeill\u00e4 kiusattiin Eskoa OH2BAM 20 metrin iltarinkulassa. Esko kapakasta kotiuduttuaan tuli rinkulaan joskus puolen y\u00f6n j\u00e4lkeen ja jonkin ajan kuluttua h\u00e4n sanoi, ett\u00e4 &#8221;pikkuhiljaa lopettelee ja menee nukkumaan&#8221;.<\/p>\n\n\n\n<p>Se &#8221;pikkuhiljaa&#8221; eteni pienin askelin, koska muistelen, ett\u00e4 saimme pidetty\u00e4 Eskon bandilla jotain 3-4 tuntia sen ensimm\u00e4isen lopettamisen j\u00e4lkeen. Aina joku keksi jonkun &#8221;mielenkiintoisen&#8221; jutun, johon Eskolta kysyttiin kommenttia&#8230;<\/p>\n\n\n\n<p>J\u00e4lkeenp\u00e4in Esko kertoi, ett\u00e4 h\u00e4nell\u00e4 oli kello pys\u00e4htynyt, joten se helpotti meid\u00e4n ved\u00e4tyst\u00e4.&#8221;<\/p>\n<\/div>\n<\/div>\n","protected":false},"excerpt":{"rendered":"<p>Historiikin etusivulle Jouko, OH2BAN kertoo Eskosta: Vuorenmaan perhe, Esko (1945-1993), vanhemmat ja kaksi iso-siskoa, asui puisessa omakotitalossa Huvilakatu 4:ss\u00e4 Mannilantien kulmauksessa J\u00e4rvenp\u00e4\u00e4ss\u00e4, jonne muuttivat kohta jatkosodan j\u00e4lkeen. Olimme Eskon kanssa koulukavereita J\u00e4rvenp\u00e4\u00e4n Yhteiskoulussa (ns. keskikoulu) aina vuoteen 1960 saakka, jolloin h\u00e4n l\u00e4hti ty\u00f6el\u00e4m\u00e4\u00e4n ilman varsinaista ammattikoulutusta. Saimme \u201dkipin\u00e4n\u201d hamssihommiin koulun pihalla. Tapani, OH2LU, oli my\u00f6s [&hellip;]<\/p>\n","protected":false},"author":20,"featured_media":0,"parent":4629,"menu_order":0,"comment_status":"closed","ping_status":"closed","template":"page-templates\/full-width.php","meta":{"footnotes":""},"class_list":["post-4618","page","type-page","status-publish","hentry"],"_links":{"self":[{"href":"https:\/\/oh2ap.fi\/index.php?rest_route=\/wp\/v2\/pages\/4618","targetHints":{"allow":["GET"]}}],"collection":[{"href":"https:\/\/oh2ap.fi\/index.php?rest_route=\/wp\/v2\/pages"}],"about":[{"href":"https:\/\/oh2ap.fi\/index.php?rest_route=\/wp\/v2\/types\/page"}],"author":[{"embeddable":true,"href":"https:\/\/oh2ap.fi\/index.php?rest_route=\/wp\/v2\/users\/20"}],"replies":[{"embeddable":true,"href":"https:\/\/oh2ap.fi\/index.php?rest_route=%2Fwp%2Fv2%2Fcomments&post=4618"}],"version-history":[{"count":2,"href":"https:\/\/oh2ap.fi\/index.php?rest_route=\/wp\/v2\/pages\/4618\/revisions"}],"predecessor-version":[{"id":5118,"href":"https:\/\/oh2ap.fi\/index.php?rest_route=\/wp\/v2\/pages\/4618\/revisions\/5118"}],"up":[{"embeddable":true,"href":"https:\/\/oh2ap.fi\/index.php?rest_route=\/wp\/v2\/pages\/4629"}],"wp:attachment":[{"href":"https:\/\/oh2ap.fi\/index.php?rest_route=%2Fwp%2Fv2%2Fmedia&parent=4618"}],"curies":[{"name":"wp","href":"https:\/\/api.w.org\/{rel}","templated":true}]}}