{"id":872,"date":"2018-06-05T13:10:17","date_gmt":"2018-06-05T10:10:17","guid":{"rendered":"http:\/\/oh2ap.fi\/?page_id=872"},"modified":"2022-05-19T21:39:49","modified_gmt":"2022-05-19T18:39:49","slug":"trappidipoli-oh2ec","status":"publish","type":"page","link":"https:\/\/oh2ap.fi\/?page_id=872","title":{"rendered":"Trappidipoli &#8221;OH2EC&#8221;"},"content":{"rendered":"<p>Alustavat ohjeet &#8221;OH2EC 80\/40 m -trappidipolin&#8221; rakennussarjan viimeistelyyn:<\/p>\n<p>&#8211; sarjaan sis\u00e4ltyy trappien rungot, lankaa trappikelaksi, koksunp\u00e4tk\u00e4t trappikondensaattoreiksi,\u00a0 ruuvit ja liittimet trappeihin, keski- ja p\u00e4\u00e4tyeristimet sek\u00e4 antennilanka.<\/p>\n<p>&#8211; trappikela tehd\u00e4\u00e4n k\u00e4\u00e4rim\u00e4ll\u00e4 rungolle 25 kierrosta trappilankaa. Vapaata p\u00e4\u00e4t\u00e4 n. 5 cm, n\u00e4ihin liittimet. Trapin induktanssi mitataan, p.o. noin 9 uH. P\u00e4\u00e4lle voi lopuksi laittaa kutistesukkaa tai eristysnauhaa.<\/p>\n<p>&#8211; trappikonkat tehd\u00e4\u00e4n koksusta. P\u00e4\u00e4st\u00e4 kuoritaan ja erotetaan vaippa ja keskijohdin n. 7cm verran liitosta varten,\u00a0 laitetaan p\u00e4ihin Abico-liittimet<\/p>\n<p>&#8211; porataan trappirunkojen p\u00e4ihin 4mm rei\u00e4t antennilangalle (2x 2 kpl) ja ruuveille (2x 1 kpl)<\/p>\n<p>&#8211; trappikelaan laitetaan ruuvit, ruuvin kannan alle kelan ja konkan liittimet. Taitellaan koksu kelan p\u00e4\u00e4lle ja sidotaan 2 nippusiteell\u00e4. Mitataan trapin resonanssitaajuus: p.o. noin 7.100 kHz &#8211; trimmataan kohdalleen lyhent\u00e4m\u00e4ll\u00e4 koksia pikku pala kerrallaan.<\/p>\n<p>&#8211; laitetaan sisemm\u00e4t antennilangat keskieristimen ja trappien v\u00e4liin (2x 6.950 m): laitetaan ulommat antennilangat trappien ja p\u00e4\u00e4tyeristinten v\u00e4liin (2x 10.200 m). J\u00e4tet\u00e4\u00e4n hieman trimmausvaraa molempiin.<\/p>\n<p>&#8211; liitet\u00e4\u00e4n sy\u00f6tt\u00f6johto keskieristimeen, nostetaan antenni 6..7 m:iin ja mittaillaan resonanssit. Viritell\u00e4\u00e4n tarpeen mukaan lankojen pituutta trimmaamalla.<\/p>\n<p>__________ oo _________<\/p>\n<p>Arskan OH2EC (sk) webbisivuilta talletimme n\u00e4m\u00e4 kuvat W3DZZ-tyyppisen monialue-trappidipolin (80-40-20-15-10-6 m bandeille vain 32m pitk\u00e4n\u00e4) mitoista ja swr:sta:<\/p>\n<p><a href=\"http:\/\/oh2ap.fi\/wp-content\/uploads\/2019\/10\/OH2EC_antenna.png\" data-rel=\"lightbox-image-0\" data-rl_title=\"\" data-rl_caption=\"\" title=\"\"><img loading=\"lazy\" decoding=\"async\" class=\"alignnone size-medium wp-image-1046\" src=\"http:\/\/oh2ap.fi\/wp-content\/uploads\/2019\/10\/OH2EC_antenna-300x226.png\" alt=\"\" width=\"300\" height=\"226\" srcset=\"https:\/\/oh2ap.fi\/wp-content\/uploads\/2019\/10\/OH2EC_antenna-300x226.png 300w, https:\/\/oh2ap.fi\/wp-content\/uploads\/2019\/10\/OH2EC_antenna-768x579.png 768w, https:\/\/oh2ap.fi\/wp-content\/uploads\/2019\/10\/OH2EC_antenna-624x471.png 624w, https:\/\/oh2ap.fi\/wp-content\/uploads\/2019\/10\/OH2EC_antenna.png 969w\" sizes=\"auto, (max-width: 300px) 100vw, 300px\" \/><\/a> <a href=\"http:\/\/oh2ap.fi\/wp-content\/uploads\/2019\/10\/oh2ec_antenna_swr.jpg\" data-rel=\"lightbox-image-1\" data-rl_title=\"\" data-rl_caption=\"\" title=\"\"><img loading=\"lazy\" decoding=\"async\" class=\"alignnone size-medium wp-image-1045\" src=\"http:\/\/oh2ap.fi\/wp-content\/uploads\/2019\/10\/oh2ec_antenna_swr-300x226.jpg\" alt=\"\" width=\"300\" height=\"226\" srcset=\"https:\/\/oh2ap.fi\/wp-content\/uploads\/2019\/10\/oh2ec_antenna_swr-300x226.jpg 300w, https:\/\/oh2ap.fi\/wp-content\/uploads\/2019\/10\/oh2ec_antenna_swr-768x578.jpg 768w, https:\/\/oh2ap.fi\/wp-content\/uploads\/2019\/10\/oh2ec_antenna_swr-624x470.jpg 624w, https:\/\/oh2ap.fi\/wp-content\/uploads\/2019\/10\/oh2ec_antenna_swr.jpg 805w\" sizes=\"auto, (max-width: 300px) 100vw, 300px\" \/><\/a><\/p>\n","protected":false},"excerpt":{"rendered":"<p>Alustavat ohjeet &#8221;OH2EC 80\/40 m -trappidipolin&#8221; rakennussarjan viimeistelyyn: &#8211; sarjaan sis\u00e4ltyy trappien rungot, lankaa trappikelaksi, koksunp\u00e4tk\u00e4t trappikondensaattoreiksi,\u00a0 ruuvit ja liittimet trappeihin, keski- ja p\u00e4\u00e4tyeristimet sek\u00e4 antennilanka. &#8211; trappikela tehd\u00e4\u00e4n k\u00e4\u00e4rim\u00e4ll\u00e4 rungolle 25 kierrosta trappilankaa. Vapaata p\u00e4\u00e4t\u00e4 n. 5 cm, n\u00e4ihin liittimet. Trapin induktanssi mitataan, p.o. noin 9 uH. P\u00e4\u00e4lle voi lopuksi laittaa kutistesukkaa tai eristysnauhaa. [&hellip;]<\/p>\n","protected":false},"author":8,"featured_media":0,"parent":502,"menu_order":8,"comment_status":"closed","ping_status":"closed","template":"","meta":{"footnotes":""},"class_list":["post-872","page","type-page","status-publish","hentry"],"_links":{"self":[{"href":"https:\/\/oh2ap.fi\/index.php?rest_route=\/wp\/v2\/pages\/872","targetHints":{"allow":["GET"]}}],"collection":[{"href":"https:\/\/oh2ap.fi\/index.php?rest_route=\/wp\/v2\/pages"}],"about":[{"href":"https:\/\/oh2ap.fi\/index.php?rest_route=\/wp\/v2\/types\/page"}],"author":[{"embeddable":true,"href":"https:\/\/oh2ap.fi\/index.php?rest_route=\/wp\/v2\/users\/8"}],"replies":[{"embeddable":true,"href":"https:\/\/oh2ap.fi\/index.php?rest_route=%2Fwp%2Fv2%2Fcomments&post=872"}],"version-history":[{"count":9,"href":"https:\/\/oh2ap.fi\/index.php?rest_route=\/wp\/v2\/pages\/872\/revisions"}],"predecessor-version":[{"id":1059,"href":"https:\/\/oh2ap.fi\/index.php?rest_route=\/wp\/v2\/pages\/872\/revisions\/1059"}],"up":[{"embeddable":true,"href":"https:\/\/oh2ap.fi\/index.php?rest_route=\/wp\/v2\/pages\/502"}],"wp:attachment":[{"href":"https:\/\/oh2ap.fi\/index.php?rest_route=%2Fwp%2Fv2%2Fmedia&parent=872"}],"curies":[{"name":"wp","href":"https:\/\/api.w.org\/{rel}","templated":true}]}}