{"id":998,"date":"2019-07-05T20:38:15","date_gmt":"2019-07-05T17:38:15","guid":{"rendered":"http:\/\/oh2ap.fi\/?page_id=998"},"modified":"2026-02-27T12:20:54","modified_gmt":"2026-02-27T10:20:54","slug":"yleisluokan-tekniikan-t2-kurssi-alkaa-3-9","status":"publish","type":"page","link":"https:\/\/oh2ap.fi\/?page_id=998","title":{"rendered":"Radioamat\u00f6\u00f6rin yleisluokan T2 Et\u00e4\/l\u00e4hi- valmennuskurssi alkaen tiistaina 24.3.2026"},"content":{"rendered":"\n<p><strong>&nbsp;<\/strong><\/p>\n\n\n\n<p>Keski-Uudenmaan radioamat\u00f6\u00f6rit ry OH2AP j\u00e4rjest\u00e4\u00e4 yleisluokan (T2 moduuli) radioamat\u00f6\u00f6ritutkintoon valmistavan kurssin kev\u00e4\u00e4ll\u00e4 2026 henkil\u00f6ille, jotka ovat suorittaneet perusluokan K ja T1 moduulien valmennuksen. Kurssilla perehdyt\u00e4\u00e4n radioamat\u00f6\u00f6rin yleisluokan p\u00e4tevyystutkintomateriaaleihin. Kurssin loputtua on mahdollisuus osallistua p\u00e4tevyystutkintoon. Kurssin perehdytt\u00e4jin\u00e4 toimivat Rauno OH3FR, Jarmo OH2GJL sek\u00e4 Jussi OH3ZQ.<\/p>\n\n\n\n<p><strong>Kurssi<\/strong> pidet\u00e4\u00e4n hybridin\u00e4: osallistua voi MS Teams -webbipalavereina tai paikan p\u00e4\u00e4ll\u00e4 kerhotiloissa J\u00e4rvenp\u00e4\u00e4n Seurojentalolla, mik\u00e4li joku paikan p\u00e4\u00e4ll\u00e4 tahtoo k\u00e4yd\u00e4.<\/p>\n\n\n\n<p><strong>Kurssi-illat<\/strong> ovat viiten\u00e4 tiistai-iltana alkaen 24.3.2026. Kurssi-illat ovat klo 17.45-19.45.<\/p>\n\n\n\n<p><strong>Kurssimaksu<\/strong> sis\u00e4ltyy kerhon kuluvan vuoden j\u00e4senmaksuun <a>25.- \u20ac.<\/a><\/p>\n\n\n\n<p><strong>Oppimateriaali:<\/strong> Valmennuksessa tukeudutaan OH3AC:n vastaavaan materiaaliin. Lis\u00e4ksi osallistujat voivat hankkia itselleen Suomen radioamat\u00f6\u00f6riliiton oppaat osat 1 ja 2. <a href=\"https:\/\/www.sral.fi\/2024\/07\/19\/sraln-uudet-oppikirjat-radioamatooritutkintoon-opiskelemista-varten-nyt-ostettavissa\/\">https:\/\/www.sral.fi\/2024\/07\/19\/sraln-uudet-oppikirjat-radioamatooritutkintoon-opiskelemista-varten-nyt-ostettavissa\/<\/a> . Voi my\u00f6s k\u00e4ytt\u00e4\u00e4 viel\u00e4 vanhaa klassikkoa \u201dTiimiss\u00e4 hamssiksi\u201d osa 2. <a href=\"https:\/\/www.sral.fi\/verkkokauppa\/\">https:\/\/www.sral.fi\/verkkokauppa\/<\/a> . Osallistujille jaetaan kurssin aikana joukko lis\u00e4materiaalia s\u00e4hk\u00f6isess\u00e4 muodossa.<\/p>\n\n\n\n<p><strong>Tutkinto:<\/strong> Tutkinnon ottaa vastaan Matti OH2BDQ. Tutkinnon voi suorittaa my\u00f6s muille Traficomin hyv\u00e4ksymille tutkinnon vastanottajille. Tutkijoiden yhteystiedot l\u00f6ytyv\u00e4t SRAL verkkosivuilta.<\/p>\n\n\n\n<p><strong>Lis\u00e4tietoja<\/strong> ja kysymyksiin vastauksia saa s\u00e4hk\u00f6postiosoitteesta \u201doh2ap(at)oh2ap.fi\u201d merkitsem\u00e4ll\u00e4 otsikkokentt\u00e4\u00e4n taikasana \u201dT2 kev\u00e4t 2026\u201d tai poikkeamalla (et\u00e4)kerhoillassa J\u00e4rvenp\u00e4\u00e4n Seurojentalolla, torstai-iltaisin klo 18. Linkki et\u00e4kerhoiltaan on kerhomme sivuston etusivulla tyypillisesti klo 17 maissa.<\/p>\n\n\n\n<p><strong>Ennen kurssia:<\/strong><\/p>\n\n\n\n<ol style=\"list-style-type:upper-alpha\" class=\"wp-block-list\">\n<li><strong>Ilmoittaudu<\/strong> kurssille s\u00e4hk\u00f6postilla viimeist\u00e4\u00e4n sunnuntain <strong>22.3.2026 menness\u00e4<\/strong> osoitteeseen \u201doh2ap(at)oh2ap.fi\u201d, otsikoksi \u201dT2 kev\u00e4t 2026 ilmoittautuminen\u201d. S\u00e4hk\u00f6postiin seuraavat tiedot: 1.<\/li>\n\n\n\n<li><span style=\"font-size: 1rem;\">nimi <\/span><\/li>\n\n\n\n<li><span style=\"font-size: 1rem;\">asuinpaikkakunta <\/span><\/li>\n\n\n\n<li><span style=\"font-size: 1rem;\">K ja T1 \u2013 moduulien suoritusvuosi<\/span><\/li>\n\n\n\n<li>Tutustu kerhon verkkosivuihin osoitteessa \u201doh2ap.fi\u201d<\/li>\n\n\n\n<li>Jos et ole Keski-uudenmaan radioamat\u00f6\u00f6rit ry:n j\u00e4sen, t\u00e4yt\u00e4 j\u00e4senlomake, joka l\u00f6ytyy sivulta <a href=\"http:\/\/oh2ap.fi\/?page_id=8\">http:\/\/oh2ap.fi\/?page_id=8<\/a> ja l\u00e4het\u00e4 se Aarnolle osoitteeseen oh2hai(at)oh2ap.fi tai toimita se paperisena OH2AP:n kerholle kerhoillan yhteydess\u00e4.<\/li>\n\n\n\n<li>Kirjaudu radioamat\u00f6\u00f6ritutkintojen palveluun osoitteessa <a href=\"https:\/\/ar-x.fi\/\">https:\/\/ar-x.fi\/<\/a><\/li>\n<\/ol>\n\n\n\n<p><strong>Kurssin ohjelma:<\/strong><\/p>\n\n\n\n<p>T2-moduuli, tekniikka:<\/p>\n\n\n\n<p>I 24.3. klo 1745 \u2013 1945: T2_2 Komponentit sek\u00e4 T2_3 Piirit ja kytkenn\u00e4t<\/p>\n\n\n\n<p>II 31.3. klo 1745 \u2013 1945: T2_4 Vastaanottimet<\/p>\n\n\n\n<p>p\u00e4\u00e4si\u00e4istauko<\/p>\n\n\n\n<p>III 14.4. klo 1745 \u2013 1945: T2_5 L\u00e4hettimet<\/p>\n\n\n\n<p>IV 21.4. klo 1745 \u2013 1945: T2_6 Antennit ja sy\u00f6tt\u00f6johdot sek\u00e4 T2_7 Radioaaltojen eteneminen<\/p>\n\n\n\n<p>V 28.4. klo 1745 \u2013 1945: T2_8 Mittaaminen sek\u00e4 T2_9 H\u00e4iri\u00f6t ja niiden ehk\u00e4iseminen<\/p>\n\n\n\n<p>(VI 5.5 klo 1745 \u2013 1945: Kertaus, tarvittaessa)<\/p>\n\n\n\n<p><strong>OH2AP suunniteltu tutkintop\u00e4iv\u00e4:<\/strong> Tutkinto voidaan pit\u00e4\u00e4 alustavan suunnitelman perusteella kurssin j\u00e4lkeen lauantaina joko 16.5 tai 23.5 klo 1200 alkaen.<\/p>\n\n\n\n<p><em>Tervetuloa oppimaan toivoo valmentajatiimi Rauno, Jarmo ja Jussi<\/em><\/p>\n","protected":false},"excerpt":{"rendered":"<p>&nbsp; Keski-Uudenmaan radioamat\u00f6\u00f6rit ry OH2AP j\u00e4rjest\u00e4\u00e4 yleisluokan (T2 moduuli) radioamat\u00f6\u00f6ritutkintoon valmistavan kurssin kev\u00e4\u00e4ll\u00e4 2026 henkil\u00f6ille, jotka ovat suorittaneet perusluokan K ja T1 moduulien valmennuksen. Kurssilla perehdyt\u00e4\u00e4n radioamat\u00f6\u00f6rin yleisluokan p\u00e4tevyystutkintomateriaaleihin. Kurssin loputtua on mahdollisuus osallistua p\u00e4tevyystutkintoon. Kurssin perehdytt\u00e4jin\u00e4 toimivat Rauno OH3FR, Jarmo OH2GJL sek\u00e4 Jussi OH3ZQ. Kurssi pidet\u00e4\u00e4n hybridin\u00e4: osallistua voi MS Teams -webbipalavereina tai paikan [&hellip;]<\/p>\n","protected":false},"author":17,"featured_media":0,"parent":593,"menu_order":2,"comment_status":"closed","ping_status":"closed","template":"page-templates\/full-width.php","meta":{"footnotes":""},"class_list":["post-998","page","type-page","status-publish","hentry"],"_links":{"self":[{"href":"https:\/\/oh2ap.fi\/index.php?rest_route=\/wp\/v2\/pages\/998","targetHints":{"allow":["GET"]}}],"collection":[{"href":"https:\/\/oh2ap.fi\/index.php?rest_route=\/wp\/v2\/pages"}],"about":[{"href":"https:\/\/oh2ap.fi\/index.php?rest_route=\/wp\/v2\/types\/page"}],"author":[{"embeddable":true,"href":"https:\/\/oh2ap.fi\/index.php?rest_route=\/wp\/v2\/users\/17"}],"replies":[{"embeddable":true,"href":"https:\/\/oh2ap.fi\/index.php?rest_route=%2Fwp%2Fv2%2Fcomments&post=998"}],"version-history":[{"count":23,"href":"https:\/\/oh2ap.fi\/index.php?rest_route=\/wp\/v2\/pages\/998\/revisions"}],"predecessor-version":[{"id":5342,"href":"https:\/\/oh2ap.fi\/index.php?rest_route=\/wp\/v2\/pages\/998\/revisions\/5342"}],"up":[{"embeddable":true,"href":"https:\/\/oh2ap.fi\/index.php?rest_route=\/wp\/v2\/pages\/593"}],"wp:attachment":[{"href":"https:\/\/oh2ap.fi\/index.php?rest_route=%2Fwp%2Fv2%2Fmedia&parent=998"}],"curies":[{"name":"wp","href":"https:\/\/api.w.org\/{rel}","templated":true}]}}